{"id":804,"date":"2025-03-01T13:27:37","date_gmt":"2025-03-01T13:27:37","guid":{"rendered":"https:\/\/www.szentkuthymiklos.hu\/web\/?page_id=804"},"modified":"2025-03-01T13:39:24","modified_gmt":"2025-03-01T13:39:24","slug":"balint-peter-szentkuthy-alruhaban","status":"publish","type":"page","link":"https:\/\/www.szentkuthymiklos.hu\/web\/rola-szolo-muvek\/balint-peter-szentkuthy-alruhaban\/","title":{"rendered":"B\u00e1lint P\u00e9ter: Szentkuthy \u00e1lruh\u00e1ban"},"content":{"rendered":"\n<p class=\"has-text-align-center\">B\u00e1lint P\u00e9ter: Szentkuthy \u00e1lruh\u00e1ban<\/p>\n\n\n\n<p class=\"has-text-align-center\">Sz\u00e9phalom K\u00f6nyvm\u0171hely, 2003.<\/p>\n\n\n\n<p>Vajon nem t\u0171nik-e kudarcra \u00edt\u00e9lt v\u00e1llalkoz\u00e1snak megrajzolni ak\u00e1r k\u00f6tetnyi komment\u00e1r keret\u00e9ben is, egy hiteles Szentkuthy-arck\u00e9pet, melyet \u201em\u0171veinek&#8221; olvas\u00e1sa k\u00f6zben, a sz\u00f6vegeket faggatva alak\u00edtunk ki r\u00f3la magunkban? Amint elk\u00e9sz\u00edt\u00fcnk egy hitelesnek t\u0171n\u0151 portr\u00e9t, f\u00e1jdalmas hi\u00e1ny\u00e9rzet \u00e9s tov\u00e1bbi retus\u00e1l\u00e1sra \u00f6szt\u00f6k\u00e9l\u0151 el\u00e9gedetlens\u00e9g ker\u00edt hatalm\u00e1ba benn\u00fcnket, mert kor\u00e1ntsem biztos, hogy a felv\u00e1zolt arck\u00e9p valamennyi l\u00e9nyegi von\u00e1s\u00e1t megmutatja a pr\u00f3teuszi \u00edr\u00f3nak, aki k\u00edgy\u00f3k\u00e9nt vedli le b\u0151r\u00e9t, \u00e9s boh\u00f3ck\u00e9nt v\u00e1ltogatja \u00e1larcait, e sz\u00ednj\u00e1tsz\u00f3 szenved\u00e9ly\u00e9vel \u0151r\u00fcletbe kergetve mind az olvas\u00f3t, mind a komment\u00e1r\u00edr\u00f3t teszi fel a k\u00e9rd\u00e9st jelen essz\u00e9k\u00f6tete el\u0151hangj\u00e1ban a Szerz\u0151. A v\u00e1laszt a kedves Olvas\u00f3 hivatott megadni, \u00e9s a Kiad\u00f3 bizonyos benne, hogy az visszaigazolja majd B\u00e1lint P\u00e9ter \u00edr\u00f3, irodalomt\u00f6rt\u00e9n\u00e9sz munk\u00e1j\u00e1t.<\/p>\n","protected":false},"excerpt":{"rendered":"<p>B\u00e1lint P\u00e9ter: Szentkuthy \u00e1lruh\u00e1ban Sz\u00e9phalom K\u00f6nyvm\u0171hely, 2003. Vajon nem t\u0171nik-e kudarcra \u00edt\u00e9lt v\u00e1llalkoz\u00e1snak megrajzolni ak\u00e1r k\u00f6tetnyi komment\u00e1r keret\u00e9ben is, egy hiteles Szentkuthy-arck\u00e9pet, melyet \u201em\u0171veinek&#8221; olvas\u00e1sa k\u00f6zben, a sz\u00f6vegeket faggatva alak\u00edtunk ki r\u00f3la magunkban? Amint elk\u00e9sz\u00edt\u00fcnk egy hitelesnek t\u0171n\u0151 portr\u00e9t, f\u00e1jdalmas hi\u00e1ny\u00e9rzet \u00e9s tov\u00e1bbi retus\u00e1l\u00e1sra \u00f6szt\u00f6k\u00e9l\u0151 el\u00e9gedetlens\u00e9g ker\u00edt hatalm\u00e1ba benn\u00fcnket, mert kor\u00e1ntsem biztos, hogy a felv\u00e1zolt [&hellip;]<\/p>\n","protected":false},"author":4,"featured_media":0,"parent":505,"menu_order":8,"comment_status":"closed","ping_status":"closed","template":"","meta":{"footnotes":""},"categories":[54],"class_list":["post-804","page","type-page","status-publish","hentry","category-rola-szolo-muvek"],"_links":{"self":[{"href":"https:\/\/www.szentkuthymiklos.hu\/web\/wp-json\/wp\/v2\/pages\/804","targetHints":{"allow":["GET"]}}],"collection":[{"href":"https:\/\/www.szentkuthymiklos.hu\/web\/wp-json\/wp\/v2\/pages"}],"about":[{"href":"https:\/\/www.szentkuthymiklos.hu\/web\/wp-json\/wp\/v2\/types\/page"}],"author":[{"embeddable":true,"href":"https:\/\/www.szentkuthymiklos.hu\/web\/wp-json\/wp\/v2\/users\/4"}],"replies":[{"embeddable":true,"href":"https:\/\/www.szentkuthymiklos.hu\/web\/wp-json\/wp\/v2\/comments?post=804"}],"version-history":[{"count":1,"href":"https:\/\/www.szentkuthymiklos.hu\/web\/wp-json\/wp\/v2\/pages\/804\/revisions"}],"predecessor-version":[{"id":805,"href":"https:\/\/www.szentkuthymiklos.hu\/web\/wp-json\/wp\/v2\/pages\/804\/revisions\/805"}],"up":[{"embeddable":true,"href":"https:\/\/www.szentkuthymiklos.hu\/web\/wp-json\/wp\/v2\/pages\/505"}],"wp:attachment":[{"href":"https:\/\/www.szentkuthymiklos.hu\/web\/wp-json\/wp\/v2\/media?parent=804"}],"wp:term":[{"taxonomy":"category","embeddable":true,"href":"https:\/\/www.szentkuthymiklos.hu\/web\/wp-json\/wp\/v2\/categories?post=804"}],"curies":[{"name":"wp","href":"https:\/\/api.w.org\/{rel}","templated":true}]}}

Bálint Péter: Szentkuthy álruhában

<p class="has-text-align-center">Bálint Péter: Szentkuthy álruhában</p>



<p class="has-text-align-center">Széphalom Könyvműhely, 2003.</p>



<p>Vajon nem tűnik-e kudarcra ítélt vállalkozásnak megrajzolni akár kötetnyi kommentár keretében is, egy hiteles Szentkuthy-arcképet, melyet „műveinek&#8221; olvasása közben, a szövegeket faggatva alakítunk ki róla magunkban? Amint elkészítünk egy hitelesnek tűnő portrét, fájdalmas hiányérzet és további retusálásra ösztökélő elégedetlenség kerít hatalmába bennünket, mert korántsem biztos, hogy a felvázolt arckép valamennyi lényegi vonását megmutatja a próteuszi írónak, aki kígyóként vedli le bőrét, és bohócként váltogatja álarcait, e színjátszó szenvedélyével őrületbe kergetve mind az olvasót, mind a kommentárírót teszi fel a kérdést jelen esszékötete előhangjában a Szerző. A választ a kedves Olvasó hivatott megadni, és a Kiadó bizonyos benne, hogy az visszaigazolja majd Bálint Péter író, irodalomtörténész munkáját.</p>

<p>Bálint Péter: Szentkuthy álruhában Széphalom Könyvműhely, 2003. Vajon nem tűnik-e kudarcra ítélt vállalkozásnak megrajzolni akár kötetnyi kommentár keretében is, egy hiteles Szentkuthy-arcképet, melyet „műveinek&#8221; olvasása közben, a szövegeket faggatva alakítunk ki róla magunkban? Amint elkészítünk egy hitelesnek tűnő portrét, fájdalmas hiányérzet és további retusálásra ösztökélő elégedetlenség kerít hatalmába bennünket, mert korántsem biztos, hogy a felvázolt [&hellip;]</p>
