{"id":800,"date":"2025-03-01T13:23:24","date_gmt":"2025-03-01T13:23:24","guid":{"rendered":"https:\/\/www.szentkuthymiklos.hu\/web\/?page_id=800"},"modified":"2025-03-01T13:23:24","modified_gmt":"2025-03-01T13:23:24","slug":"fekete-j-jozsef-szeljegyzetek-szentkuthyhoz","status":"publish","type":"page","link":"https:\/\/www.szentkuthymiklos.hu\/web\/rola-szolo-muvek\/fekete-j-jozsef-szeljegyzetek-szentkuthyhoz\/","title":{"rendered":"Fekete J. J\u00f3zsef: Sz\u00e9ljegyzetek Szentkuthyhoz"},"content":{"rendered":"\n<p class=\"has-text-align-center\">Fekete J. J\u00f3zsef: Sz\u00e9ljegyzetek Szentkuthyhoz <\/p>\n\n\n\n<p class=\"has-text-align-center\">Jugoszl\u00e1viai Magyar M\u0171vel\u0151d\u00e9si T\u00e1rsas\u00e1g, 1998.<\/p>\n\n\n\n<p class=\"has-text-align-center\"><\/p>\n\n\n\n<p>&#8222;Bekerekedett a m\u00e1sodik \u00e9vtized, hogy kisebb vagy nagyobb szorgalommal foglalkozom Szentkuthy Mikl\u00f3s \u00edr\u00e1sm\u0171v\u00e9szet\u00e9vel. Olvasom m\u0171veit, \u00edrok r\u00f3luk vagy azok kapcs\u00e1n. Bizony\u00e1ra az\u00e9rt ragaszkodom ehhez az \u00edr\u00f3-g\u00e9niuszhoz, mert sok egy\u00e9b, \u00e1ltalam nagyra becs\u00fclt m\u0171v\u00e9szi er\u00e9nye mellett elny\u0171g\u00f6z\u00f6tt az a munk\u00e1ib\u00f3l sug\u00e1rz\u00f3 k\u00eds\u00e9rletez\u0151 kedv, ami az 1930-as \u00e9vek legelej\u00e9n arra \u00f6szt\u00f6n\u00f6zte az alig huszon\u00e9ves ifj\u00fat, hogy meg\u00edrja a modern magyar irodalom sarkalatos reg\u00e9ny\u00e9t, a PRAEt. (&#8230;)<\/p>\n\n\n\n<p>Akad, aki egyenesen intellektu\u00e1lis k\u00f6ltem\u00e9nynek nevezi az essz\u00e9t, a vizsg\u00e1lat, az \u00f6nvizsg\u00e1lat \u00e9s az \u00edt\u00e9let m\u0171faj\u00e1t. Szentkuthyval kapcsolatos \u00edr\u00e1saimat sokkal szer\u00e9nyebben, egyszer\u0171en meg\u00e9rt\u00e9si gyakorlatoknak h\u00edvom. S ahhoz, hogy ezekb\u0151l az olvas\u00f3i jelent\u00e9sekb\u0151l, meg\u00e9rt\u00e9si gyakorlatokb\u00f3l id\u0151k\u00f6zben h\u00e1rom k\u00f6tet is \u00f6ssze\u00e1llt, tal\u00e1n az a Babits Mih\u00e1ly-i vez\u00e9relv adott \u00f6szt\u00f6nz\u00e9st, miszerint:<\/p>\n\n\n\n<p>&#8216;Az olvas\u00f3 besz\u00e9lni akar olvasm\u00e1nyair\u00f3l. (&#8230;) Lesz\u00e1ll a t\u00e1rsakhoz, \u00e9rvelni, hatni \u00e9lni (&#8230;) S tal\u00e1n ez a lesz\u00e1ll\u00e1s teszi mag\u00e1t az irodalmat is azz\u00e1, ami: \u00e9lett\u00e9; t\u00e9tlen szellemek mag\u00e1nyos gy\u00f6ny\u00f6reinek kincst\u00e1r\u00e1b\u00f3l az emberi l\u00e9lek harcter\u00e9v\u00e9 \u00e9s teny\u00e9szparkj\u00e1v\u00e1. Az \u00edr\u00f3 m\u0171veket alkot, melyek mindenike k\u00fcl\u00f6n vil\u00e1g. Ki f\u0171z e m\u0171vekb\u0151l irodalmat? Az olvas\u00f3: nem a n\u00e9ma \u00e9s mag\u00e1nyos olvas\u00f3, hanem a vit\u00e1z\u00f3, \u00e9rvel\u0151, egym\u00e1snak felesel\u0151. az olvas\u00f3, aki \u00edr&#8217;&#8230;&#8221;<\/p>\n","protected":false},"excerpt":{"rendered":"<p>Fekete J. J\u00f3zsef: Sz\u00e9ljegyzetek Szentkuthyhoz Jugoszl\u00e1viai Magyar M\u0171vel\u0151d\u00e9si T\u00e1rsas\u00e1g, 1998. &#8222;Bekerekedett a m\u00e1sodik \u00e9vtized, hogy kisebb vagy nagyobb szorgalommal foglalkozom Szentkuthy Mikl\u00f3s \u00edr\u00e1sm\u0171v\u00e9szet\u00e9vel. Olvasom m\u0171veit, \u00edrok r\u00f3luk vagy azok kapcs\u00e1n. Bizony\u00e1ra az\u00e9rt ragaszkodom ehhez az \u00edr\u00f3-g\u00e9niuszhoz, mert sok egy\u00e9b, \u00e1ltalam nagyra becs\u00fclt m\u0171v\u00e9szi er\u00e9nye mellett elny\u0171g\u00f6z\u00f6tt az a munk\u00e1ib\u00f3l sug\u00e1rz\u00f3 k\u00eds\u00e9rletez\u0151 kedv, ami az 1930-as [&hellip;]<\/p>\n","protected":false},"author":4,"featured_media":0,"parent":505,"menu_order":5,"comment_status":"closed","ping_status":"closed","template":"","meta":{"footnotes":""},"categories":[54],"class_list":["post-800","page","type-page","status-publish","hentry","category-rola-szolo-muvek"],"_links":{"self":[{"href":"https:\/\/www.szentkuthymiklos.hu\/web\/wp-json\/wp\/v2\/pages\/800","targetHints":{"allow":["GET"]}}],"collection":[{"href":"https:\/\/www.szentkuthymiklos.hu\/web\/wp-json\/wp\/v2\/pages"}],"about":[{"href":"https:\/\/www.szentkuthymiklos.hu\/web\/wp-json\/wp\/v2\/types\/page"}],"author":[{"embeddable":true,"href":"https:\/\/www.szentkuthymiklos.hu\/web\/wp-json\/wp\/v2\/users\/4"}],"replies":[{"embeddable":true,"href":"https:\/\/www.szentkuthymiklos.hu\/web\/wp-json\/wp\/v2\/comments?post=800"}],"version-history":[{"count":1,"href":"https:\/\/www.szentkuthymiklos.hu\/web\/wp-json\/wp\/v2\/pages\/800\/revisions"}],"predecessor-version":[{"id":801,"href":"https:\/\/www.szentkuthymiklos.hu\/web\/wp-json\/wp\/v2\/pages\/800\/revisions\/801"}],"up":[{"embeddable":true,"href":"https:\/\/www.szentkuthymiklos.hu\/web\/wp-json\/wp\/v2\/pages\/505"}],"wp:attachment":[{"href":"https:\/\/www.szentkuthymiklos.hu\/web\/wp-json\/wp\/v2\/media?parent=800"}],"wp:term":[{"taxonomy":"category","embeddable":true,"href":"https:\/\/www.szentkuthymiklos.hu\/web\/wp-json\/wp\/v2\/categories?post=800"}],"curies":[{"name":"wp","href":"https:\/\/api.w.org\/{rel}","templated":true}]}}

Fekete J. József: Széljegyzetek Szentkuthyhoz

<p class="has-text-align-center">Fekete J. József: Széljegyzetek Szentkuthyhoz </p>



<p class="has-text-align-center">Jugoszláviai Magyar Művelődési Társaság, 1998.</p>



<p class="has-text-align-center"></p>



<p>&#8222;Bekerekedett a második évtized, hogy kisebb vagy nagyobb szorgalommal foglalkozom Szentkuthy Miklós írásművészetével. Olvasom műveit, írok róluk vagy azok kapcsán. Bizonyára azért ragaszkodom ehhez az író-géniuszhoz, mert sok egyéb, általam nagyra becsült művészi erénye mellett elnyűgözött az a munkáiból sugárzó kísérletező kedv, ami az 1930-as évek legelején arra ösztönözte az alig huszonéves ifjút, hogy megírja a modern magyar irodalom sarkalatos regényét, a PRAEt. (&#8230;)</p>



<p>Akad, aki egyenesen intellektuális költeménynek nevezi az esszét, a vizsgálat, az önvizsgálat és az ítélet műfaját. Szentkuthyval kapcsolatos írásaimat sokkal szerényebben, egyszerűen megértési gyakorlatoknak hívom. S ahhoz, hogy ezekből az olvasói jelentésekből, megértési gyakorlatokból időközben három kötet is összeállt, talán az a Babits Mihály-i vezérelv adott ösztönzést, miszerint:</p>



<p>&#8216;Az olvasó beszélni akar olvasmányairól. (&#8230;) Leszáll a társakhoz, érvelni, hatni élni (&#8230;) S talán ez a leszállás teszi magát az irodalmat is azzá, ami: életté; tétlen szellemek magányos gyönyöreinek kincstárából az emberi lélek harcterévé és tenyészparkjává. Az író műveket alkot, melyek mindenike külön világ. Ki fűz e művekből irodalmat? Az olvasó: nem a néma és magányos olvasó, hanem a vitázó, érvelő, egymásnak feleselő. az olvasó, aki ír&#8217;&#8230;&#8221;</p>

<p>Fekete J. József: Széljegyzetek Szentkuthyhoz Jugoszláviai Magyar Művelődési Társaság, 1998. &#8222;Bekerekedett a második évtized, hogy kisebb vagy nagyobb szorgalommal foglalkozom Szentkuthy Miklós írásművészetével. Olvasom műveit, írok róluk vagy azok kapcsán. Bizonyára azért ragaszkodom ehhez az író-géniuszhoz, mert sok egyéb, általam nagyra becsült művészi erénye mellett elnyűgözött az a munkáiból sugárzó kísérletező kedv, ami az 1930-as [&hellip;]</p>
