{"id":783,"date":"2025-03-01T13:03:34","date_gmt":"2025-03-01T13:03:34","guid":{"rendered":"https:\/\/www.szentkuthymiklos.hu\/web\/?page_id=783"},"modified":"2025-03-01T13:03:35","modified_gmt":"2025-03-01T13:03:35","slug":"tartalomjegyzek","status":"publish","type":"page","link":"https:\/\/www.szentkuthymiklos.hu\/web\/esszek-tanulmanyok-muforditasok-levelezes\/inicialek-es-amenek\/tartalomjegyzek\/","title":{"rendered":"Tartalomjegyz\u00e9k"},"content":{"rendered":"\n<p class=\"has-text-align-center\"><em>Szentkuthy Mikl\u00f3s: Inici\u00e1l\u00e9k \u00e9s \u00e1menek <\/em><\/p>\n\n\n\n<p class=\"has-text-align-center\"><strong>Tartalomjegyz\u00e9k<\/strong><\/p>\n\n\n\n<p><strong>Elbesz\u00e9l\u00e9sek<\/strong><strong><\/strong><\/p>\n\n\n\n<p>El\u0151hang: M\u0171v\u00e9szet \u00e9s val\u00f3s\u00e1g vet\u00e9lked\u00e9se, val\u00f3s\u00e1g diadala<\/p>\n\n\n\n<p>I.M.D. napl\u00f3j\u00e1b\u00f3l (1933)<\/p>\n\n\n\n<p>II. K\u00f6lt\u00e9szet \u00e9s val\u00f3s\u00e1g W.U. napl\u00f3j\u00e1ban (1935)<\/p>\n\n\n\n<p>DE profundis<\/p>\n\n\n\n<p>Velencei csoda<\/p>\n\n\n\n<p>Gy\u00f3n\u00e1s<\/p>\n\n\n\n<p>Kezd\u0151dik Cicero<\/p>\n\n\n\n<p>Az apostol<\/p>\n\n\n\n<p>Csend\u00e9let cigarett\u00e1val<\/p>\n\n\n\n<p>Hal\u00e1lt\u00e1nc vagy d\u00f6grov\u00e1s<\/p>\n\n\n\n<p>Bogy\u00f3<\/p>\n\n\n\n<p>Gigi megdics\u0151\u00fcl\u00e9se<\/p>\n\n\n\n<p>&#8222;El\u00e9gt\u00e9telnek h\u00e1rom kom\u00e9di\u00e1t&#8221;&#8230;<\/p>\n\n\n\n<p>\u00c1larcosb\u00e1l vagy rekviem?<\/p>\n\n\n\n<p>XIII. Apoll\u00f3<\/p>\n\n\n\n<p>Rossz nap<\/p>\n\n\n\n<p>Ny\u00falpecsenye<\/p>\n\n\n\n<p>B\u00e1csi k\u00e9rem, M\u00e1ty\u00e1s kir\u00e1ly is sz\u00fcrrealista volt?<\/p>\n\n\n\n<p>Pr\u00edmabalerina<\/p>\n\n\n\n<p>\u00d6lt\u00f6z\u0151ben (diadalmenet el\u0151tt)<\/p>\n\n\n\n<p>Vir\u00e1gpiac<\/p>\n\n\n\n<p>Szam\u00e1r a Forumon<\/p>\n\n\n\n<p>V\u00e9nasszonyok nyara vagy valamit az intellektualizmusr\u00f3l<\/p>\n\n\n\n<p>Summa Sex Orphica<\/p>\n\n\n\n<p>A la espanola: hal\u00e1l, \u0151r\u00fclet, k\u00e9j, katolicizmus<\/p>\n\n\n\n<p>Don Carlos r\u00f3szaf\u00fcz\u00e9re<\/p>\n\n\n\n<p>\u00d6rd\u00f6gnek h\u00e1rgy\u00e1ja az h\u00e9vs\u00e1gos ig\u00e9kr\u0151l<\/p>\n\n\n\n<p>\u00d6rvendetes olvas\u00f3<\/p>\n\n\n\n<p>Elt\u0171nt k\u00e1v\u00e9h\u00e1zak nyom\u00e1ban<\/p>\n\n\n\n<p><strong>Hangj\u00e1t\u00e9kok<\/strong><strong><\/strong><\/p>\n\n\n\n<p>Pet\u0151fi<\/p>\n\n\n\n<p>A sz\u00e9lh\u00e1mos \u00e9lete. Hangj\u00e1t\u00e9k Hogarth metszeteire<\/p>\n\n\n\n<p>Daumier<\/p>\n\n\n\n<p>D\u00fcrer<\/p>\n\n\n\n<p>Haydn<\/p>\n\n\n\n<p><strong>B\u00e1bj\u00e1t\u00e9kok<\/strong><strong><\/strong><\/p>\n\n\n\n<p>Udvari gy\u00e1sz<\/p>\n\n\n\n<p>Udvari n\u00e1sz<\/p>\n","protected":false},"excerpt":{"rendered":"<p>Szentkuthy Mikl\u00f3s: Inici\u00e1l\u00e9k \u00e9s \u00e1menek Tartalomjegyz\u00e9k Elbesz\u00e9l\u00e9sek El\u0151hang: M\u0171v\u00e9szet \u00e9s val\u00f3s\u00e1g vet\u00e9lked\u00e9se, val\u00f3s\u00e1g diadala I.M.D. napl\u00f3j\u00e1b\u00f3l (1933) II. K\u00f6lt\u00e9szet \u00e9s val\u00f3s\u00e1g W.U. napl\u00f3j\u00e1ban (1935) DE profundis Velencei csoda Gy\u00f3n\u00e1s Kezd\u0151dik Cicero Az apostol Csend\u00e9let cigarett\u00e1val Hal\u00e1lt\u00e1nc vagy d\u00f6grov\u00e1s Bogy\u00f3 Gigi megdics\u0151\u00fcl\u00e9se &#8222;El\u00e9gt\u00e9telnek h\u00e1rom kom\u00e9di\u00e1t&#8221;&#8230; \u00c1larcosb\u00e1l vagy rekviem? XIII. Apoll\u00f3 Rossz nap Ny\u00falpecsenye B\u00e1csi k\u00e9rem, M\u00e1ty\u00e1s [&hellip;]<\/p>\n","protected":false},"author":4,"featured_media":0,"parent":779,"menu_order":2,"comment_status":"closed","ping_status":"closed","template":"","meta":{"footnotes":""},"categories":[6],"class_list":["post-783","page","type-page","status-publish","hentry","category-esszek"],"_links":{"self":[{"href":"https:\/\/www.szentkuthymiklos.hu\/web\/wp-json\/wp\/v2\/pages\/783","targetHints":{"allow":["GET"]}}],"collection":[{"href":"https:\/\/www.szentkuthymiklos.hu\/web\/wp-json\/wp\/v2\/pages"}],"about":[{"href":"https:\/\/www.szentkuthymiklos.hu\/web\/wp-json\/wp\/v2\/types\/page"}],"author":[{"embeddable":true,"href":"https:\/\/www.szentkuthymiklos.hu\/web\/wp-json\/wp\/v2\/users\/4"}],"replies":[{"embeddable":true,"href":"https:\/\/www.szentkuthymiklos.hu\/web\/wp-json\/wp\/v2\/comments?post=783"}],"version-history":[{"count":1,"href":"https:\/\/www.szentkuthymiklos.hu\/web\/wp-json\/wp\/v2\/pages\/783\/revisions"}],"predecessor-version":[{"id":784,"href":"https:\/\/www.szentkuthymiklos.hu\/web\/wp-json\/wp\/v2\/pages\/783\/revisions\/784"}],"up":[{"embeddable":true,"href":"https:\/\/www.szentkuthymiklos.hu\/web\/wp-json\/wp\/v2\/pages\/779"}],"wp:attachment":[{"href":"https:\/\/www.szentkuthymiklos.hu\/web\/wp-json\/wp\/v2\/media?parent=783"}],"wp:term":[{"taxonomy":"category","embeddable":true,"href":"https:\/\/www.szentkuthymiklos.hu\/web\/wp-json\/wp\/v2\/categories?post=783"}],"curies":[{"name":"wp","href":"https:\/\/api.w.org\/{rel}","templated":true}]}}