{"id":760,"date":"2025-02-16T13:04:56","date_gmt":"2025-02-16T13:04:56","guid":{"rendered":"https:\/\/www.szentkuthymiklos.hu\/web\/?page_id=760"},"modified":"2025-02-16T13:04:57","modified_gmt":"2025-02-16T13:04:57","slug":"tartalommutato","status":"publish","type":"page","link":"https:\/\/www.szentkuthymiklos.hu\/web\/esszek-tanulmanyok-muforditasok-levelezes\/maupassant\/tartalommutato\/","title":{"rendered":"Tartalommutat\u00f3"},"content":{"rendered":"\n<p class=\"has-text-align-center\"><em>Szentkuthy Mikl\u00f3s: Maupassant &#8211; Egy mai \u00edr\u00f3 szem\u00e9vel<\/em><\/p>\n\n\n\n<p class=\"has-text-align-center\"><strong>Tartalommutat\u00f3<\/strong><\/p>\n\n\n\n<p>\u00c9let<\/p>\n\n\n\n<p>Versek 1880: Nyit\u00e1ny \u00e9s fin\u00e1l\u00e9<\/p>\n\n\n\n<p>T\u00e1rsadalom<\/p>\n\n\n\n<p>H\u00e1bor\u00fa<\/p>\n\n\n\n<p>Mor\u00e1l<\/p>\n\n\n\n<p>Farce<\/p>\n\n\n\n<p>Grand guignol<\/p>\n\n\n\n<p>T\u00edpusok<\/p>\n\n\n\n<p>Parasztok \u00e9s kispolg\u00e1rok<\/p>\n\n\n\n<p>Term\u00e9szet<\/p>\n\n\n\n<p>Modern fiziol\u00f3gia<\/p>\n\n\n\n<p>M\u00e9lyl\u00e9lektan fel\u00e9<\/p>\n\n\n\n<p>Proust<\/p>\n\n\n\n<p>Befejez\u00e9s helyett<\/p>\n\n\n\n<p>A tanulm\u00e1nyban szerepl\u0151 Maupassant-m\u0171vek eredeti c\u00edme \u00e9s keletkez\u00e9si \u00e9ve<\/p>\n","protected":false},"excerpt":{"rendered":"<p>Szentkuthy Mikl\u00f3s: Maupassant &#8211; Egy mai \u00edr\u00f3 szem\u00e9vel Tartalommutat\u00f3 \u00c9let Versek 1880: Nyit\u00e1ny \u00e9s fin\u00e1l\u00e9 T\u00e1rsadalom H\u00e1bor\u00fa Mor\u00e1l Farce Grand guignol T\u00edpusok Parasztok \u00e9s kispolg\u00e1rok Term\u00e9szet Modern fiziol\u00f3gia M\u00e9lyl\u00e9lektan fel\u00e9 Proust Befejez\u00e9s helyett A tanulm\u00e1nyban szerepl\u0151 Maupassant-m\u0171vek eredeti c\u00edme \u00e9s keletkez\u00e9si \u00e9ve<\/p>\n","protected":false},"author":4,"featured_media":0,"parent":758,"menu_order":1,"comment_status":"closed","ping_status":"closed","template":"","meta":{"footnotes":""},"categories":[6],"class_list":["post-760","page","type-page","status-publish","hentry","category-esszek"],"_links":{"self":[{"href":"https:\/\/www.szentkuthymiklos.hu\/web\/wp-json\/wp\/v2\/pages\/760","targetHints":{"allow":["GET"]}}],"collection":[{"href":"https:\/\/www.szentkuthymiklos.hu\/web\/wp-json\/wp\/v2\/pages"}],"about":[{"href":"https:\/\/www.szentkuthymiklos.hu\/web\/wp-json\/wp\/v2\/types\/page"}],"author":[{"embeddable":true,"href":"https:\/\/www.szentkuthymiklos.hu\/web\/wp-json\/wp\/v2\/users\/4"}],"replies":[{"embeddable":true,"href":"https:\/\/www.szentkuthymiklos.hu\/web\/wp-json\/wp\/v2\/comments?post=760"}],"version-history":[{"count":1,"href":"https:\/\/www.szentkuthymiklos.hu\/web\/wp-json\/wp\/v2\/pages\/760\/revisions"}],"predecessor-version":[{"id":761,"href":"https:\/\/www.szentkuthymiklos.hu\/web\/wp-json\/wp\/v2\/pages\/760\/revisions\/761"}],"up":[{"embeddable":true,"href":"https:\/\/www.szentkuthymiklos.hu\/web\/wp-json\/wp\/v2\/pages\/758"}],"wp:attachment":[{"href":"https:\/\/www.szentkuthymiklos.hu\/web\/wp-json\/wp\/v2\/media?parent=760"}],"wp:term":[{"taxonomy":"category","embeddable":true,"href":"https:\/\/www.szentkuthymiklos.hu\/web\/wp-json\/wp\/v2\/categories?post=760"}],"curies":[{"name":"wp","href":"https:\/\/api.w.org\/{rel}","templated":true}]}}