{"id":743,"date":"2025-02-16T12:26:26","date_gmt":"2025-02-16T12:26:26","guid":{"rendered":"https:\/\/www.szentkuthymiklos.hu\/web\/?page_id=743"},"modified":"2025-02-16T12:26:27","modified_gmt":"2025-02-16T12:26:27","slug":"reszlet","status":"publish","type":"page","link":"https:\/\/www.szentkuthymiklos.hu\/web\/regenyek\/burgundi-kronika\/reszlet\/","title":{"rendered":"R\u00e9szlet"},"content":{"rendered":"\n<p class=\"has-text-align-center\"><em>Szentkuthy Mikl\u00f3s:<\/em> <em>Burgundi kr\u00f3nika <\/em><\/p>\n\n\n\n<p class=\"has-text-align-center\"><strong>R\u00e9szlet<\/strong><\/p>\n\n\n\n<p>Li\u00e8ge v\u00e1ros\u00e1ban k\u00f6zben elterjedt a h\u00edr \u2013 f\u00f6l\u00f6sleges ism\u00e9telnem, hogy teljesen indokolatlanul \u2013, miszerint Raes lovag k\u00fcldet\u00e9se a legnagyobb sikerrel j\u00e1rt a k\u00f6lni \u00e9rsekfejedelemn\u00e9l: Raes lovag napokon bel\u00fcl vissza\u00e9rkezik a kik\u00f6z\u00f6s\u00edt\u00e9s felold\u00e1s\u00e1val. A t\u00e9ves h\u00edr oka: egyr\u00e9szt esztelen pletyka, m\u00e1sr\u00e9szt fanatikus ap\u00e1c\u00e1k \u00e9s p\u00e1terek l\u00e1tom\u00e1sai, v\u00e9g\u00fcl pedig a magisztr\u00e1tus egyes tagjainak az a taktikai elk\u00e9pzel\u00e9se, hogy ha \u00f6nhatalm\u00falag sz\u00fcntetik meg az interdiktumot, a befejezett t\u00e9nyt li\u00e8ge-i p\u00fcsp\u00f6k, k\u00f6lni \u00e9rsek \u00e9s r\u00f3mai p\u00e1pa k\u00e9nytelen lesz tudom\u00e1sul venni, ezt sokkal sz\u00edvesebben megteszik, semhogy a \u201el\u00e1zad\u00e1st\u201d elismerj\u00e9k \u2013 ut\u00f3lagos j\u00f3v\u00e1hagy\u00e1sukkal legfeljebb csak n\u00e9pszer\u0171s\u00e9g\u00fcket fogj\u00e1k fokozni.<\/p>\n\n\n\n<p>Gondolt\u00e1k a magisztr\u00e1tus b\u00f6lcsei\u2026<\/p>\n\n\n\n<p>\u00cdgy h\u00e1t nem egy bez\u00e1rt templomot er\u0151szakkal felt\u00f6rtek, miel\u0151tt a kulcsok vissza\u00e9rkeztek volna; annyi viaszgyerty\u00e1t \u00e9gettek k\u00edv\u00fcl-bel\u00fcl az \u00f6r\u00f6m\u00fcnnep alkalm\u00e1b\u00f3l, hogy t\u00edz p\u00e1pa ravatal\u00e1ra is sok lett volna; megh\u00fazt\u00e1k a harangokat, processzi\u00f3ztak; azokat a jegyesp\u00e1rokat, akiket az interdiktum miatt eddig lehetetlen volt olt\u00e1r el\u0151tt \u00f6sszeesketni, most mind egym\u00e1snak adt\u00e1k, odakint az utc\u00e1n (mert az\u00e9rt a templomok z\u00f6me, persze, z\u00e1rva maradt); kutak l\u00e9pcs\u0151in, r\u00f6gt\u00f6nz\u00f6tt olt\u00e1rok el\u0151tt a tolong\u00f3 p\u00e1rok sz\u00e1zait \u00e1ldott\u00e1k meg, reggelt\u0151l estig, \u00e9jf\u00e9lt\u0151l hajnalig; a lakodalmat is az utc\u00e1n tartott\u00e1k, ott t\u00e1ncoltak a v\u00e1rosh\u00e1z el\u0151tt, ott s\u00fct\u00f6tt\u00e9k a v\u00e9zna lep\u00e9nyeket, ott itt\u00e1k n\u00e9gyf\u00fcles \u00edr\u00f3s kann\u00e1kb\u00f3l a h\u00edg borok alj\u00e1t. Az utols\u00f3 kenetet v\u00e9gre \u00fajb\u00f3l osztogat\u00f3 papok olyan boldogan rohantak a haldokl\u00f3khoz, mint a v\u0151leg\u00e9nyek; \u00fatk\u00f6zben \u00f6ssze is cs\u00f3kol\u00f3ztak a lakodalmasokkal (t\u00e9telezz\u00fck fel, hogy egy t\u00e1ncfordul\u00f3 ut\u00e1n tov\u00e1bb folytatt\u00e1k \u00fatjukat a nagybetegek fel\u00e9, \u00e9s nem ragadtak ott az utcai lagziban).<\/p>\n\n\n\n<p>Raes lovag mind ez id\u0151 alatt a k\u00f6lni \u00e9rsek palot\u00e1j\u00e1ban tart\u00f3zkodott mint fejedelmi vend\u00e9g, de kihallgat\u00e1st a n\u00e9ma \u00e9rsekt\u0151l nem kapott. Hi\u00e1ba kopogtatott, vezekelt vagy fenyeget\u0151z\u00f6tt, hi\u00e1ba t\u00e9rdelt a k\u00f6lni n\u00e9ppel, katon\u00e1ival egyetemben, a kereszt\u00fati k\u00e9pek el\u0151tt, hogy a k\u00f6lni \u00e9rsek sz\u00edv\u00e9t maga fel\u00e9 hajtsa, hi\u00e1ba viaskodtak legels\u0151 lovagjai, h\u00f6lgyek sz\u00ednes szalagjai helyett a k\u00f6lni \u00e9rsek c\u00edmer\u00e9vel sisakjukon: az \u00e9rsek nem fogadta, nem t\u00e1rgyalt, hallgatott \u00e9s halogatott.<\/p>\n\n\n\n<p>Ebben a m\u00e1r alig t\u0171rhet\u0151 f\u00fcgg\u0151 \u00e9s bizonytalan helyzetben \u00e9rtek Li\u00e8ge-b\u0151l K\u00f6lnbe az els\u0151 h\u00edrek arr\u00f3l, hogy Li\u00e8ge v\u00e1ros\u00e1ban mindenki \u00e9gi bizonyoss\u00e1gnak veszi az interdiktum felold\u00e1s\u00e1t; l\u00f3itat\u00f3k viz\u00e9vel a piacon keresztelnek, az emberek olyan boldogan gy\u00f3nnak, mintha potya-bort kapn\u00e1nak, nem egy templom kapuja \u00f6sszez\u00fazva a l\u00e9pcs\u0151k\u00f6n hever, mint egy elfoglalt v\u00e1ros\u00e9, z\u00fagnak a harangok, \u00e9s a gyerty\u00e1kt\u00f3l \u00e9jszaka vil\u00e1gosabb a v\u00e1ros, mint nappal.<\/p>\n\n\n\n<p>Erre Raes lovag elhat\u00e1rozta, hogy ak\u00e1r n\u00e9gyk\u00e9zl\u00e1b, dar\u00f3cban, a f\u00f6ldet nyalva vagy l\u00e1ndzs\u00e1saival forg\u00e1csig faragva a k\u00f6lni \u00e9rsek z\u00e1rt ajt\u00f3it: de kier\u0151szakolja a kihallgat\u00e1st \u00e9s az interdiktumot felold\u00f3 v\u00e1laszt. Egyik sem haszn\u00e1lt. A k\u00f6lni \u00e9rsek els\u0151 szekret\u00e1rius\u00e1val izente Raes lovagnak, hogy egyel\u0151re nincs m\u00f3dj\u00e1ban a li\u00e8ge-i p\u00fcsp\u00f6k szigor\u00fa int\u00e9zked\u00e9sein v\u00e1ltoztatni; a p\u00fcsp\u00f6k \u00far ez \u00fcgyben R\u00f3m\u00e1ba ment, ameddig \u0151 az onnan kapott v\u00e1lasszal vissza nem t\u00e9r, felh\u00e1bor\u00edt\u00f3an bolond \u00e9s b\u0171n\u00f6s cselekedet Li\u00e8ge v\u00e1ros\u00e1nak \u00f6nhatalm\u00fa viselked\u00e9se. Mindez\u00e9rt Raes lovag felel\u0151s! Egy\u00e9bk\u00e9nt a nemes lovag tov\u00e1bbra is a k\u00f6lni \u00e9rsek \u00far legsz\u00edvesebben l\u00e1tott vend\u00e9ge: ma \u00e9jszaka olyan \u00e1larcosb\u00e1l lesz, amilyet m\u00e9g nem l\u00e1tott a vil\u00e1g; ha Raes lovag a legfantasztikusabb maszkot is v\u00e1lasztja: a k\u00f6lts\u00e9geket term\u00e9szetesen az \u00e9rsek \u00far viseli, mint boldog h\u00e1zigazda.<\/p>\n","protected":false},"excerpt":{"rendered":"<p>Szentkuthy Mikl\u00f3s: Burgundi kr\u00f3nika R\u00e9szlet Li\u00e8ge v\u00e1ros\u00e1ban k\u00f6zben elterjedt a h\u00edr \u2013 f\u00f6l\u00f6sleges ism\u00e9telnem, hogy teljesen indokolatlanul \u2013, miszerint Raes lovag k\u00fcldet\u00e9se a legnagyobb sikerrel j\u00e1rt a k\u00f6lni \u00e9rsekfejedelemn\u00e9l: Raes lovag napokon bel\u00fcl vissza\u00e9rkezik a kik\u00f6z\u00f6s\u00edt\u00e9s felold\u00e1s\u00e1val. A t\u00e9ves h\u00edr oka: egyr\u00e9szt esztelen pletyka, m\u00e1sr\u00e9szt fanatikus ap\u00e1c\u00e1k \u00e9s p\u00e1terek l\u00e1tom\u00e1sai, v\u00e9g\u00fcl pedig a magisztr\u00e1tus egyes [&hellip;]<\/p>\n","protected":false},"author":4,"featured_media":0,"parent":741,"menu_order":1,"comment_status":"closed","ping_status":"closed","template":"","meta":{"footnotes":""},"categories":[3],"class_list":["post-743","page","type-page","status-publish","hentry","category-regenyek"],"_links":{"self":[{"href":"https:\/\/www.szentkuthymiklos.hu\/web\/wp-json\/wp\/v2\/pages\/743","targetHints":{"allow":["GET"]}}],"collection":[{"href":"https:\/\/www.szentkuthymiklos.hu\/web\/wp-json\/wp\/v2\/pages"}],"about":[{"href":"https:\/\/www.szentkuthymiklos.hu\/web\/wp-json\/wp\/v2\/types\/page"}],"author":[{"embeddable":true,"href":"https:\/\/www.szentkuthymiklos.hu\/web\/wp-json\/wp\/v2\/users\/4"}],"replies":[{"embeddable":true,"href":"https:\/\/www.szentkuthymiklos.hu\/web\/wp-json\/wp\/v2\/comments?post=743"}],"version-history":[{"count":1,"href":"https:\/\/www.szentkuthymiklos.hu\/web\/wp-json\/wp\/v2\/pages\/743\/revisions"}],"predecessor-version":[{"id":744,"href":"https:\/\/www.szentkuthymiklos.hu\/web\/wp-json\/wp\/v2\/pages\/743\/revisions\/744"}],"up":[{"embeddable":true,"href":"https:\/\/www.szentkuthymiklos.hu\/web\/wp-json\/wp\/v2\/pages\/741"}],"wp:attachment":[{"href":"https:\/\/www.szentkuthymiklos.hu\/web\/wp-json\/wp\/v2\/media?parent=743"}],"wp:term":[{"taxonomy":"category","embeddable":true,"href":"https:\/\/www.szentkuthymiklos.hu\/web\/wp-json\/wp\/v2\/categories?post=743"}],"curies":[{"name":"wp","href":"https:\/\/api.w.org\/{rel}","templated":true}]}}

Részlet

<p class="has-text-align-center"><em>Szentkuthy Miklós:</em> <em>Burgundi krónika </em></p>



<p class="has-text-align-center"><strong>Részlet</strong></p>



<p>Liège városában közben elterjedt a hír – fölösleges ismételnem, hogy teljesen indokolatlanul –, miszerint Raes lovag küldetése a legnagyobb sikerrel járt a kölni érsekfejedelemnél: Raes lovag napokon belül visszaérkezik a kiközösítés feloldásával. A téves hír oka: egyrészt esztelen pletyka, másrészt fanatikus apácák és páterek látomásai, végül pedig a magisztrátus egyes tagjainak az a taktikai elképzelése, hogy ha önhatalmúlag szüntetik meg az interdiktumot, a befejezett tényt liège-i püspök, kölni érsek és római pápa kénytelen lesz tudomásul venni, ezt sokkal szívesebben megteszik, semhogy a „lázadást” elismerjék – utólagos jóváhagyásukkal legfeljebb csak népszerűségüket fogják fokozni.</p>



<p>Gondolták a magisztrátus bölcsei…</p>



<p>Így hát nem egy bezárt templomot erőszakkal feltörtek, mielőtt a kulcsok visszaérkeztek volna; annyi viaszgyertyát égettek kívül-belül az örömünnep alkalmából, hogy tíz pápa ravatalára is sok lett volna; meghúzták a harangokat, processzióztak; azokat a jegyespárokat, akiket az interdiktum miatt eddig lehetetlen volt oltár előtt összeesketni, most mind egymásnak adták, odakint az utcán (mert azért a templomok zöme, persze, zárva maradt); kutak lépcsőin, rögtönzött oltárok előtt a tolongó párok százait áldották meg, reggeltől estig, éjféltől hajnalig; a lakodalmat is az utcán tartották, ott táncoltak a városház előtt, ott sütötték a vézna lepényeket, ott itták négyfüles írós kannákból a híg borok alját. Az utolsó kenetet végre újból osztogató papok olyan boldogan rohantak a haldoklókhoz, mint a vőlegények; útközben össze is csókolóztak a lakodalmasokkal (tételezzük fel, hogy egy táncforduló után tovább folytatták útjukat a nagybetegek felé, és nem ragadtak ott az utcai lagziban).</p>



<p>Raes lovag mind ez idő alatt a kölni érsek palotájában tartózkodott mint fejedelmi vendég, de kihallgatást a néma érsektől nem kapott. Hiába kopogtatott, vezekelt vagy fenyegetőzött, hiába térdelt a kölni néppel, katonáival egyetemben, a keresztúti képek előtt, hogy a kölni érsek szívét maga felé hajtsa, hiába viaskodtak legelső lovagjai, hölgyek színes szalagjai helyett a kölni érsek címerével sisakjukon: az érsek nem fogadta, nem tárgyalt, hallgatott és halogatott.</p>



<p>Ebben a már alig tűrhető függő és bizonytalan helyzetben értek Liège-ből Kölnbe az első hírek arról, hogy Liège városában mindenki égi bizonyosságnak veszi az interdiktum feloldását; lóitatók vizével a piacon keresztelnek, az emberek olyan boldogan gyónnak, mintha potya-bort kapnának, nem egy templom kapuja összezúzva a lépcsőkön hever, mint egy elfoglalt városé, zúgnak a harangok, és a gyertyáktól éjszaka világosabb a város, mint nappal.</p>



<p>Erre Raes lovag elhatározta, hogy akár négykézláb, darócban, a földet nyalva vagy lándzsásaival forgácsig faragva a kölni érsek zárt ajtóit: de kierőszakolja a kihallgatást és az interdiktumot feloldó választ. Egyik sem használt. A kölni érsek első szekretáriusával izente Raes lovagnak, hogy egyelőre nincs módjában a liège-i püspök szigorú intézkedésein változtatni; a püspök úr ez ügyben Rómába ment, ameddig ő az onnan kapott válasszal vissza nem tér, felháborítóan bolond és bűnös cselekedet Liège városának önhatalmú viselkedése. Mindezért Raes lovag felelős! Egyébként a nemes lovag továbbra is a kölni érsek úr legszívesebben látott vendége: ma éjszaka olyan álarcosbál lesz, amilyet még nem látott a világ; ha Raes lovag a legfantasztikusabb maszkot is választja: a költségeket természetesen az érsek úr viseli, mint boldog házigazda.</p>

<p>Szentkuthy Miklós: Burgundi krónika Részlet Liège városában közben elterjedt a hír – fölösleges ismételnem, hogy teljesen indokolatlanul –, miszerint Raes lovag küldetése a legnagyobb sikerrel járt a kölni érsekfejedelemnél: Raes lovag napokon belül visszaérkezik a kiközösítés feloldásával. A téves hír oka: egyrészt esztelen pletyka, másrészt fanatikus apácák és páterek látomásai, végül pedig a magisztrátus egyes [&hellip;]</p>
