{"id":721,"date":"2025-02-16T11:58:26","date_gmt":"2025-02-16T11:58:26","guid":{"rendered":"https:\/\/www.szentkuthymiklos.hu\/web\/?page_id=721"},"modified":"2025-02-16T11:58:26","modified_gmt":"2025-02-16T11:58:26","slug":"reszlet","status":"publish","type":"page","link":"https:\/\/www.szentkuthymiklos.hu\/web\/regenyek\/ot-eletrajzi-fantazia\/saturnus-fia\/reszlet\/","title":{"rendered":"R\u00e9szlet"},"content":{"rendered":"\n<p class=\"has-text-align-center\"><em>Szentkuthy Mikl\u00f3s: Saturnus fia<\/em><\/p>\n\n\n\n<p class=\"has-text-align-center\"><strong>R\u00e9szlet<\/strong><\/p>\n\n\n\n<p>Az ablakb\u00f3l \u00e9pp hatalmas \u00e9p\u00fcl\u0151 haj\u00f3ra l\u00e1tott, fara f\u00e9lelmetes feketes\u00e9ggel emelkedett a v\u00edz f\u00f6l\u00f6tt a magasba, deszkatorony tartotta, a v\u00edzen tutajok lebegtek, mint l\u00e1bt\u00f6rl\u0151k az el\u00e1zott padl\u00f3j\u00fa mos\u00f3konyh\u00e1ban; a gerend\u00e1kon, kar\u00f3kra t\u0171z\u00f6tt f\u00e1kly\u00e1k k\u00f6z\u00f6tt, munk\u00e1sok ny\u00fczs\u00f6gtek hangyak\u00e9nt az id\u0151r\u0151l id\u0151re fels\u00edr\u00f3 f\u0171r\u00e9sz siv\u00edt\u00e1s\u00e1ban (mintha ez a hang vil\u00e1g\u00edtott, vill\u00e1mlott volna) \u2013 a haj\u00f3 fed\u00e9lzete m\u00e9g \u00fcres, t\u00e1tong\u00f3 r\u00e9sekkel, f\u00e9lig boncolt \u00e1llati tetem, \u00e9tv\u00e1gyukat vesztett d\u00f6gkesely\u0171k nyom\u00e1n \u2013, k\u00f6r\u00f6s-k\u00f6r\u00fcl r\u00e9szegen \u00e1gaskod\u00f3 \u00f3ri\u00e1si gerend\u00e1k; egy szomsz\u00e9d nagy h\u00e1z ablakaib\u00f3l fahidak vezettek az \u00e9p\u00fcl\u0151 fed\u00e9lzetre, csig\u00e1k nyikorogtak; a haj\u00f3 holds\u00fct\u00f6tte dombor\u00fa oldala mintha l\u00e9legzett volna; k\u00f6t\u00e9lh\u00e1gcs\u00f3k h\u00edn\u00e1ra hint\u00e1zott lefele, a munk\u00e1sok rajta f\u00far\u00f3ikkal b\u00e1ny\u00e1szm\u00f3dra dolgoztak a g\u00e1ly\u00e1n.<\/p>\n\n\n\n<p>H\u00e1tha \u00e9ppen ez a c\u00e9z\u00e1ri dereglye, melyen Miksa (ha a tengeri utat v\u00e1lasztja) R\u00f3m\u00e1ba megy vagy R\u00f3m\u00e1b\u00f3l j\u00f6n \u2013 hol lesz a tr\u00f3nus kik\u00f6t\u0151i fogad\u00e1sokn\u00e1l? Hol lesz a lakoszt\u00e1ly? Hol k\u00e9sz\u00edtenek helyet neki? \u2013 \u00e9s (ilyen a gyermeki impresszi\u00f3 hatalma) \u2013 egyszer\u0171en \u00e9rtelmetlennek \u00e9s lehetetlennek tartotta, hogy ama Strigel legyen a cs\u00e1sz\u00e1r k\u00eds\u00e9r\u0151je. A fels\u00e9ges haj\u00f3, a lelk\u00e9t fesz\u00edt\u0151 m\u0171v\u00e9szeti ihlet az \u00faj m\u0171helyben olyan er\u0151s volt, hogy csak a maga, Albrecht, var\u00e1zserej\u0171 triumfus\u00e1t hitette el vele.<\/p>\n","protected":false},"excerpt":{"rendered":"<p>Szentkuthy Mikl\u00f3s: Saturnus fia R\u00e9szlet Az ablakb\u00f3l \u00e9pp hatalmas \u00e9p\u00fcl\u0151 haj\u00f3ra l\u00e1tott, fara f\u00e9lelmetes feketes\u00e9ggel emelkedett a v\u00edz f\u00f6l\u00f6tt a magasba, deszkatorony tartotta, a v\u00edzen tutajok lebegtek, mint l\u00e1bt\u00f6rl\u0151k az el\u00e1zott padl\u00f3j\u00fa mos\u00f3konyh\u00e1ban; a gerend\u00e1kon, kar\u00f3kra t\u0171z\u00f6tt f\u00e1kly\u00e1k k\u00f6z\u00f6tt, munk\u00e1sok ny\u00fczs\u00f6gtek hangyak\u00e9nt az id\u0151r\u0151l id\u0151re fels\u00edr\u00f3 f\u0171r\u00e9sz siv\u00edt\u00e1s\u00e1ban (mintha ez a hang vil\u00e1g\u00edtott, vill\u00e1mlott volna) [&hellip;]<\/p>\n","protected":false},"author":4,"featured_media":0,"parent":714,"menu_order":3,"comment_status":"closed","ping_status":"closed","template":"","meta":{"footnotes":""},"categories":[3],"class_list":["post-721","page","type-page","status-publish","hentry","category-regenyek"],"_links":{"self":[{"href":"https:\/\/www.szentkuthymiklos.hu\/web\/wp-json\/wp\/v2\/pages\/721","targetHints":{"allow":["GET"]}}],"collection":[{"href":"https:\/\/www.szentkuthymiklos.hu\/web\/wp-json\/wp\/v2\/pages"}],"about":[{"href":"https:\/\/www.szentkuthymiklos.hu\/web\/wp-json\/wp\/v2\/types\/page"}],"author":[{"embeddable":true,"href":"https:\/\/www.szentkuthymiklos.hu\/web\/wp-json\/wp\/v2\/users\/4"}],"replies":[{"embeddable":true,"href":"https:\/\/www.szentkuthymiklos.hu\/web\/wp-json\/wp\/v2\/comments?post=721"}],"version-history":[{"count":1,"href":"https:\/\/www.szentkuthymiklos.hu\/web\/wp-json\/wp\/v2\/pages\/721\/revisions"}],"predecessor-version":[{"id":722,"href":"https:\/\/www.szentkuthymiklos.hu\/web\/wp-json\/wp\/v2\/pages\/721\/revisions\/722"}],"up":[{"embeddable":true,"href":"https:\/\/www.szentkuthymiklos.hu\/web\/wp-json\/wp\/v2\/pages\/714"}],"wp:attachment":[{"href":"https:\/\/www.szentkuthymiklos.hu\/web\/wp-json\/wp\/v2\/media?parent=721"}],"wp:term":[{"taxonomy":"category","embeddable":true,"href":"https:\/\/www.szentkuthymiklos.hu\/web\/wp-json\/wp\/v2\/categories?post=721"}],"curies":[{"name":"wp","href":"https:\/\/api.w.org\/{rel}","templated":true}]}}

Részlet

<p class="has-text-align-center"><em>Szentkuthy Miklós: Saturnus fia</em></p>



<p class="has-text-align-center"><strong>Részlet</strong></p>



<p>Az ablakból épp hatalmas épülő hajóra látott, fara félelmetes feketeséggel emelkedett a víz fölött a magasba, deszkatorony tartotta, a vízen tutajok lebegtek, mint lábtörlők az elázott padlójú mosókonyhában; a gerendákon, karókra tűzött fáklyák között, munkások nyüzsögtek hangyaként az időről időre felsíró fűrész sivításában (mintha ez a hang világított, villámlott volna) – a hajó fedélzete még üres, tátongó résekkel, félig boncolt állati tetem, étvágyukat vesztett dögkeselyűk nyomán –, körös-körül részegen ágaskodó óriási gerendák; egy szomszéd nagy ház ablakaiból fahidak vezettek az épülő fedélzetre, csigák nyikorogtak; a hajó holdsütötte domború oldala mintha lélegzett volna; kötélhágcsók hínára hintázott lefele, a munkások rajta fúróikkal bányászmódra dolgoztak a gályán.</p>



<p>Hátha éppen ez a cézári dereglye, melyen Miksa (ha a tengeri utat választja) Rómába megy vagy Rómából jön – hol lesz a trónus kikötői fogadásoknál? Hol lesz a lakosztály? Hol készítenek helyet neki? – és (ilyen a gyermeki impresszió hatalma) – egyszerűen értelmetlennek és lehetetlennek tartotta, hogy ama Strigel legyen a császár kísérője. A felséges hajó, a lelkét feszítő művészeti ihlet az új műhelyben olyan erős volt, hogy csak a maga, Albrecht, varázserejű triumfusát hitette el vele.</p>

<p>Szentkuthy Miklós: Saturnus fia Részlet Az ablakból épp hatalmas épülő hajóra látott, fara félelmetes feketeséggel emelkedett a víz fölött a magasba, deszkatorony tartotta, a vízen tutajok lebegtek, mint lábtörlők az elázott padlójú mosókonyhában; a gerendákon, karókra tűzött fáklyák között, munkások nyüzsögtek hangyaként az időről időre felsíró fűrész sivításában (mintha ez a hang világított, villámlott volna) [&hellip;]</p>
