{"id":689,"date":"2025-01-06T16:05:03","date_gmt":"2025-01-06T16:05:03","guid":{"rendered":"https:\/\/www.szentkuthymiklos.hu\/web\/?page_id=689"},"modified":"2025-01-06T16:05:03","modified_gmt":"2025-01-06T16:05:03","slug":"reszlet","status":"publish","type":"page","link":"https:\/\/www.szentkuthymiklos.hu\/web\/regenyek\/szent-orpheus-breviariuma\/kanonizalt-ketsegbeeses\/reszlet\/","title":{"rendered":"R\u00e9szlet"},"content":{"rendered":"\n<p class=\"has-text-align-center\">Szentkuthy Mikl\u00f3s: Kanoniz\u00e1lt k\u00e9ts\u00e9gbees\u00e9s<\/p>\n\n\n\n<p class=\"has-text-align-center\"><strong>R\u00e9szlet<\/strong><\/p>\n\n\n\n<p>1. Arany\u00e1dvent, koldus\u00e1dvent.<\/p>\n\n\n\n<p>A tizenegyedik \u00e9s tizenkettedik sz\u00e1zadban is az \u00fan. \u201eegyszer\u0171 n\u00e9p\u201d k\u00f6r\u00e9ben sokan fell\u00e1zadtak \u2013 pleb\u00e1nosver\u0151 cs\u00e9pl\u0151kt\u0151l a mis\u00e9re j\u00e1r\u00f3k \u201eszabot\u00e1zs\u201d-\u00e1ig \u2013 katedr\u00e1lisok \u00e9s p\u00fcsp\u00f6ki palot\u00e1k lak\u00f3i \u00e9s fantasztikus kincsei ellen; fell\u00e1zadtak a H\u00e9tf\u00e1jdalm\u00fa Sz\u0171z t\u00fcrkizkardjai, a Sz\u0171z rubinsz\u00edve \u00e9s toalett-t\u00fck\u00f6r r\u00e1m\u00e1ja ellen. \u201eEz nem Betlehem, ez nem ist\u00e1ll\u00f3\u201d \u2013 amiben term\u00e9szetesen igazuk is volt.<\/p>\n\n\n\n<p>P\u00e9ld\u00e1ul (nem \u00e9s nem l\u2019art pour l\u2019art blaszf\u00e9mi\u00e1b\u00f3l) a kar\u00e1csonyi k\u00f6rmenetek b\u00e1bsz\u00ednh\u00e1zos, sorozatos sz\u00ednpad\u00e1n a Szent J\u00e1szol sz\u00ednter\u00e9n igazi gan\u00e9j volt a teh\u00e9n \u00e9s a p\u00e1sztorok juhai m\u00f6g\u00f6tt: dacb\u00f3l a k\u00fcl\u00f6nb\u00f6z\u0151 eur\u00f3pai \u201ekereszt\u00e9ny\u201d kir\u00e1lyok kar\u00e1csonyi k\u00f6rmenetre k\u00fcld\u00f6tt aranyalm\u00e1i helyett. Az aranyalm\u00e1kat persze az illet\u0151 kir\u00e1lyok morcos-h\u00f3h\u00e9r \u00e9s k\u00fckl\u00f3pszrend\u0151r udvarnokaival \u0151riztett\u00e9k. A gan\u00e9jt, az igazit, a betlehemit, nem r\u00f6vid t\u00e9pel\u0151d\u00e9s ut\u00e1n, nem mert\u00e9k leh\u00e1nyni \u2013 ilyenkor mindig a legjobb a \u201eszents\u00e9gt\u00f6r\u0151\u201d (legszents\u00e9gesebb) t\u00fcntet\u00e9s ideiglenes eltussol\u00e1sa. Mondjuk: a k\u00f6rmenet ut\u00e1n kutyaparizer f\u0151\u00farian kegyes sz\u00e9toszt\u00e1sa.<\/p>\n\n\n\n<p>A gan\u00e9jjal Nagy K\u00e1roly aranyalm\u00e1ja ellen \u201ej\u00e1tsz\u00f3\u201d parasztokr\u00f3l az urak (Ecclesia; Imperium; a legh\u00edgabb velej\u0171ek) azt k\u00e9pzelt\u00e9k, hogy a k\u00f6rmeneti, betlehemi sz\u00ednpadra rakott l\u00f3citrom, kecskebab, teh\u00e9nlep\u00e9ny a parasztok r\u00e9sz\u00e9r\u0151l csak buta, teol\u00f3gia-tudatlan \u00e1l-\u00e1h\u00edtat a Nagyegyh\u00e1z v\u00e9d\u0151 spanyolfala m\u00f6g\u00f6tt \u2013 \u00e9s utols\u00f3nak m\u00e9g a gan\u00e9j lesz a legjobb falat a parasztoknak a kar\u00e1csonyi vacsor\u00e1hoz \u2013 ha b\u00f6jt\u00f6s, h\u00e1t legyen b\u00f6jt\u00f6s.<\/p>\n\n\n\n<p>2. Lovag vagy pap? Isten vagy briganti?<\/p>\n\n\n\n<p>Hug\u00f3t ez id\u0151ben m\u00e1r papp\u00e1 szentelt\u00e9k, de a grenoble-i p\u00fcsp\u00f6ks\u00e9get m\u00e9g nem kapta meg VII. Gergely p\u00e1p\u00e1t\u00f3l, b\u00e1r huszonh\u00e9t \u00e9ves kor\u00e1ban, k\u00e9s\u0151bb, a p\u00e1pa szentelte azz\u00e1. Hug\u00f3 nagy\u00fari katonacsal\u00e1db\u00f3l sz\u00e1rmazott (aff\u00e9le f\u00e9lgr\u00f3f, f\u00e9lkalandorok), apja term\u00e9szetesen fi\u00e1b\u00f3l is antik \u00e9s kereszt\u00e9ny vez\u00e9rkari f\u0151n\u00f6k\u00f6t \u00f3hajtott kre\u00e1lni. Undorral l\u00e1tta, hogy fia folyton a k\u00f6nyveket b\u00fajta (ekkor alig \u00e9rtve \u0151ket \u2013 mazochizmus \u00e9s hi\u00fas\u00e1g), m\u00e9g ha a p\u00e1nc\u00e9lterembe z\u00e1rta is a hal\u00e1lmerev maskar\u00e1k k\u00f6z\u00e9 \u2013 Herkules-platnik, konzervdobozok, az \u00e1lheroizmus mumusai.<\/p>\n\n\n\n<p>A gyengetest\u0171, gyengeidegzet\u0171 Hug\u00f3 minden\u00e1ron meg akarta tanulni a lovagi v\u00e9rcirkuszi torn\u00e1k minden amfite\u00e1trumi rafin\u00e9ri\u00e1it: azon egyszer\u0171 okb\u00f3l fogva, hogy ne mint kret\u00e9n ford\u00edtson h\u00e1tat a lovagi (gazemberi) \u00e9letnek, hanem er\u0151sk\u00e9nt, hatalmask\u00e9nt \u2013 ha H\u00e9rakl\u00e9sz mond le a birk\u00f3z\u00f3bajnoks\u00e1gr\u00f3l, az sz\u00e9p \u00e9s eleg\u00e1ns dolog, de ha egy nyomor\u00e9k neurotikus t\u00f6rpe sz\u00f6kik el a z\u00e1szl\u00f3s, ringy\u00f3s porondr\u00f3l, az bizony sz\u00e9gyen \u00e9s dummerauguszt dolog.<\/p>\n\n\n\n<p>Persze n\u0151ss\u00e9 is akart\u00e1k tenni. Az els\u0151 ellenf\u00e9l (ellenv\u0151leg\u00e9ny) azonnal leford\u00edtotta lov\u00e1r\u00f3l, l\u00e1ndzs\u00e1ja v\u00e9g\u00e9n \u00fagy hint\u00e1zta Hug\u00f3t, mint hal\u00e1sz a pontyot vagy harcs\u00e1t a leveg\u0151ben; p\u00e1nc\u00e9lja sz\u00e9tesett, mint egy fi\u00f3kos szekr\u00e9ny, v\u00e9re kunsztrajzokat csepegtetett a viadal homokj\u00e1ra \u2013 vizesnyolcas f\u0171szeresseg\u00e9d a krejzler\u00e1j\u00e1ban.<\/p>\n\n\n\n<p>Ut\u00e1na (ehhez volt ereje Hug\u00f3nak) elt\u0171nt, titokban a p\u00e1nc\u00e9lgy\u0171jtem\u00e9ny g\u00f3tikus folyos\u00f3j\u00e1ra sz\u00f6k\u00f6tt \u2013 visszhangzott az, mint az Isten lelke m\u00e1ig is, teremt\u0151 b\u00e1nat\u00e1ban, a teremt\u00e9s kozmikus fiask\u00f3ja f\u00f6l\u00f6tt.<\/p>\n\n\n\n<p>Hug\u00f3, szok\u00e1sos \u00f6nk\u00ednz\u00e1s\u00e1ban nekirohant a vak\u00fcres, ki\u00e1ll\u00edtott p\u00e1nc\u00e9loknak, t\u00f6rte, z\u00fazta \u0151ket: ezzel gy\u00f6t\u00f6rve mag\u00e1t, hogy \u00edme, ilyen c\u00fagos cs\u00f6vek \u00e9s V\u00e9nusz-domborm\u0171ves b\u00e1dograkt\u00e1r az \u0151 (Hug\u00f3) egyetlen lehets\u00e9ges ellenfelei, \u00fcres sp\u00f3rkassz\u00e1k, kelepel\u0151 k\u00eds\u00e9rtetek.<\/p>\n\n\n\n<p>Egy id\u0151 m\u00falva bej\u00f6tt az eg\u00e9sz udvar, gy\u0151ztes v\u0151leg\u00e9ny, menyasszony, \u00e9s r\u00f6h\u00f6g\u0151 k\u00f3rust rendeztek \u2013 sz\u0151kes\u00e9gek \u00e9s jegygy\u0171r\u0171k.<\/p>\n\n\n\n<p>A k\u00f6vetkez\u0151 napokban d\u0151lt el (titokban), hogy Hug\u00f3 menjen a f\u00e9szkes fen\u00e9be \u2013 papnak, fr\u00e1ternak, p\u00e1ternak, ak\u00e1rmilyen bolond bar\u00e1tnak: a menyasszony (ha akarod, g\u00f3tikus sztript\u00edz) vezette (a j\u00f3isten tudja, mi\u00e9rt?) a menetet a szomsz\u00e9d kolostorba. Mikor az apa ezt az \u00f6nk\u00e9nyes kom\u00e9di\u00e1t megtudta, m\u00e9rg\u00e9ben felfordult, mint egy aut\u00f3szerencs\u00e9tlens\u00e9g \u00e1ldozata \u2013 \u201eaz \u0151 fi\u00e1b\u00f3l p\u00fcsp\u00f6k legyen, ha m\u00e1r pap \u2013 ne koldul\u00f3 vagy locsog\u00f3 bar\u00e1t \u2013, valagukkal a gy\u00f3ntat\u00f3sz\u00e9ket (korai kopors\u00f3k\u00e9nt) sz\u00e9trepeszt\u0151 parasztasszonyok l\u00f3g\u00f3 fej\u0171 gy\u00f3ntat\u00f3ja\u201d.<\/p>\n\n\n\n<p>V\u00e1gtatott is valami legk\u00e9zenfekv\u0151bb p\u00fcsp\u00f6kh\u00f6z \u2013 toronys\u00fcveg, b\u00edbortorony, toronykolomp, harangl\u00e1b \u2013, no, ez legal\u00e1bb \u201e\u00fari\u201d milj\u0151 \u2013 itt legyen Hug\u00f3 titk\u00e1r stb. \u00cdgy is t\u00f6rt\u00e9nt a k\u00e9s\u0151bbiekben.<\/p>\n","protected":false},"excerpt":{"rendered":"<p>Szentkuthy Mikl\u00f3s: Kanoniz\u00e1lt k\u00e9ts\u00e9gbees\u00e9s R\u00e9szlet 1. Arany\u00e1dvent, koldus\u00e1dvent. A tizenegyedik \u00e9s tizenkettedik sz\u00e1zadban is az \u00fan. \u201eegyszer\u0171 n\u00e9p\u201d k\u00f6r\u00e9ben sokan fell\u00e1zadtak \u2013 pleb\u00e1nosver\u0151 cs\u00e9pl\u0151kt\u0151l a mis\u00e9re j\u00e1r\u00f3k \u201eszabot\u00e1zs\u201d-\u00e1ig \u2013 katedr\u00e1lisok \u00e9s p\u00fcsp\u00f6ki palot\u00e1k lak\u00f3i \u00e9s fantasztikus kincsei ellen; fell\u00e1zadtak a H\u00e9tf\u00e1jdalm\u00fa Sz\u0171z t\u00fcrkizkardjai, a Sz\u0171z rubinsz\u00edve \u00e9s toalett-t\u00fck\u00f6r r\u00e1m\u00e1ja ellen. \u201eEz nem Betlehem, ez nem [&hellip;]<\/p>\n","protected":false},"author":4,"featured_media":0,"parent":685,"menu_order":2,"comment_status":"closed","ping_status":"closed","template":"","meta":{"footnotes":""},"categories":[3],"class_list":["post-689","page","type-page","status-publish","hentry","category-regenyek"],"_links":{"self":[{"href":"https:\/\/www.szentkuthymiklos.hu\/web\/wp-json\/wp\/v2\/pages\/689","targetHints":{"allow":["GET"]}}],"collection":[{"href":"https:\/\/www.szentkuthymiklos.hu\/web\/wp-json\/wp\/v2\/pages"}],"about":[{"href":"https:\/\/www.szentkuthymiklos.hu\/web\/wp-json\/wp\/v2\/types\/page"}],"author":[{"embeddable":true,"href":"https:\/\/www.szentkuthymiklos.hu\/web\/wp-json\/wp\/v2\/users\/4"}],"replies":[{"embeddable":true,"href":"https:\/\/www.szentkuthymiklos.hu\/web\/wp-json\/wp\/v2\/comments?post=689"}],"version-history":[{"count":1,"href":"https:\/\/www.szentkuthymiklos.hu\/web\/wp-json\/wp\/v2\/pages\/689\/revisions"}],"predecessor-version":[{"id":690,"href":"https:\/\/www.szentkuthymiklos.hu\/web\/wp-json\/wp\/v2\/pages\/689\/revisions\/690"}],"up":[{"embeddable":true,"href":"https:\/\/www.szentkuthymiklos.hu\/web\/wp-json\/wp\/v2\/pages\/685"}],"wp:attachment":[{"href":"https:\/\/www.szentkuthymiklos.hu\/web\/wp-json\/wp\/v2\/media?parent=689"}],"wp:term":[{"taxonomy":"category","embeddable":true,"href":"https:\/\/www.szentkuthymiklos.hu\/web\/wp-json\/wp\/v2\/categories?post=689"}],"curies":[{"name":"wp","href":"https:\/\/api.w.org\/{rel}","templated":true}]}}