{"id":551,"date":"2024-12-04T08:46:00","date_gmt":"2024-12-04T08:46:00","guid":{"rendered":"https:\/\/www.szentkuthymiklos.hu\/web\/?page_id=551"},"modified":"2024-12-04T08:51:24","modified_gmt":"2024-12-04T08:51:24","slug":"tartalommutato","status":"publish","type":"page","link":"https:\/\/www.szentkuthymiklos.hu\/web\/regenyek\/bianca-lanza-di-casalanza\/tartalommutato\/","title":{"rendered":"Tartalommutat\u00f3"},"content":{"rendered":"\n<p class=\"has-text-align-center\">Szentkuthy Mikl\u00f3s: Bianca Lanza di Casalanza<\/p>\n\n\n\n<p class=\"has-text-align-center\"><em>Jelenkor, 1994.<\/em><\/p>\n\n\n\n<p class=\"has-text-align-center\"><strong>Tartalommutat\u00f3<\/strong><\/p>\n\n\n\n<p>I. *1<\/p>\n\n\n\n<p>Az indul\u00f3 m\u0171 \u00e9s az \u00e9let utols\u00f3 szerepl\u0151i \u2013 \u201eK\u00e9t m\u00fazsa: a c\u00e9ltalans\u00e1g \u00e9s a zs\u00e1kutca\u201d \u2013 Bianca is egy figura, aki a t\u00e1voz\u00f3 \u00e9let utols\u00f3 integet\u00e9s\u00e9t hozza \u2013 Hal\u00e1l \u00e9s sz\u00fclet\u00e9s k\u00f3borl\u00f3 m\u00fazs\u00e1ja \u2013 A v\u00f6r\u00f6s ruha: csupa \u00e1rny\u00e9k, pipacsm\u00e9ly m\u00e1kony \u2013 Az indul\u00f3 m\u0171 szerz\u0151je inger\u00fclt: \u0151 csak egy zodi\u00e1kus-\u00e1llom\u00e1s, semmi szem\u00e9lyes nincs Bianca l\u00e1togat\u00e1s\u00e1ban \u2013 Bianc\u00e1ba z\u00e1rt vegyi titkot kisz\u00fcretelni! \u2013 \u00dcres emberek \u00e9s Proust-fajta l\u00e9lekelemz\u0151k ha tal\u00e1lkoznak \u2013 Az elk\u00e9nyeztetett sz\u00e9ps\u00e9gek dac\u00e1val\u2026 \u2013 Hossz\u00fa feh\u00e9r ujjak r\u00f3zsasz\u00edn al\u00e1fest\u00e9ssel \u2013 Besz\u00e9lget\u00e9s Bianc\u00e1r\u00f3l szobr\u00e1sz bar\u00e1tj\u00e1val a m\u0171 \u00f6r\u00f6k \u00e9s hal\u00e1los rabs\u00e1ga el\u0151tt \u2013 A tagolts\u00e1g m\u0171v\u00e9szi \u00e9s arisztokratikus \u00f6r\u00f6me \u2013 A szobr\u00e1sz ujjainak chaconne-j\u00e1t\u00e9ka \u2013 K\u00edn\u00e1lkoz\u00f3 foganty\u00fak \u00e9s csend\u00e9letek; a kifejez\u00e9s fel\u00e9 \u2013 Betta a hever\u0151n: beteg j\u00e1t\u00e9kbaba \u2013 Gigi a hever\u0151n: apr\u00f3 selyemgomb\u00f3c \u2013 Bianca a hever\u0151n: fuldoklik hatalmas mellei alatt \u2013 T\u00e1rgyak szerepe a k\u00e9sz\u00fcl\u0151 m\u0171ben: sakkbab\u00e1k egy toj\u00e1sdad t\u00e1lban \u2013 A betegs\u00e9g; Bianca: sz\u00e9tm\u00e1zolt t\u00fcnetek, kalandok \u00e9s lej\u00e1rati t\u00fcnetei; Gigi: felh\u00edg\u00edtott hiszt\u00e9ria; Betta: pongyol\u00e1s kiter\u00edtetts\u00e9g \u2013 Az utaz\u00e1s: protekci\u00f3k, p\u00e9nzek, ez\u00fcst depresszi\u00f3 \u00e9s arany\u00fczletel\u00e9s \u2013 Az utaz\u00e1s \u00e9s a hat\u00e1rid\u0151k; Montreux \u00e9s \u00dajpest \u2013 \u201e\u0150 v\u00e9gtelen t\u00fcrelmes\u201d, komikus mell\u00e9k\u00edzzel; a t\u00fcrelem az Ezeregy\u00e9j egy t\u00f6rt\u00e9net\u00e9ben \u2013 Betta-arck\u00e9p k\u00f6r\u00fcl: Ezeregy\u00e9j-eml\u00e9kek \u2013 Bianc\u00e1val az Ezeregy\u00e9j gyerekkiad\u00e1sa; Dulac-illusztr\u00e1ci\u00f3k \u2013 M\u0171v\u00e9szi f\u00fcggetlens\u00e9g<\/p>\n\n\n\n<p>II. *2<\/p>\n\n\n\n<p>Betta: vadh\u00edv\u0151 \u00e9s vad egy\u00e9nis\u00e9g; hal\u00e1l-azonoss\u00e1g \u2013 Dulac figur\u00e1i \u00e9s sz\u00ednei: megv\u00e1lt\u00f3 szecesszi\u00f3 \u2013 Jelent\u00e9ktelen kis rokonszenv-\u00e1rnyalatok \u2013 Minden k\u00f3sza \u00e9s hal\u00e1lra\u00edt\u00e9lt n\u00fcansz a term\u00e9szet \u00f6r\u00f6kk\u00e9val\u00f3s\u00e1g\u00e1nak embertelen szempontj\u00e1b\u00f3l \u2013 Dulac moderns\u00e9ge; sz\u00fcrrealizmus \u00e9s szecesszi\u00f3; \u00e1lom \u00e9s elegancia \u2013 Betta egy\u00e9nis\u00e9ge: mint valami g\u00f6rcs\u00f6s vill\u00e1m \u2013 Egy modern szobr\u00e1sz a patak eszterg\u00e1lta k\u00f6vek nyom\u00e1ban; Dulac is a term\u00e9szet nyom\u00e1ban \u2013 Karikat\u00far\u00e1k Dulac illusztr\u00e1ci\u00f3in: mit \u00e9r Freud, ha nincs hozz\u00e1 Pinocchio? \u2012 Leegyszer\u0171s\u00edtett boh\u00f3cok, var\u00e1zsl\u00f3 vicc-metternich \u2013 Egy operab\u00e1l jelmezeinek eml\u00e9ke egy V\u00e1ci utcai kapualj sz\u00ednes fot\u00f3in: m\u0171v\u00e9szet, elegancia, giccs, a Dulac-kert folytat\u00e1sa \u2013 Betta szerelme: m\u00e1rv\u00e1nyos embertelens\u00e9g \u00e9s m\u00e9lyen \u00fcl\u0151 emberiess\u00e9g; szerelmes mesevil\u00e1guk az Ezeregy\u00e9j \u00e1t\u00e9l\u00e9s\u00e9vel \u2013 Egynem\u0171 t\u00f6ml\u0151\u00e1llatok a vil\u00e1gtengerben, egy pesti taxiban \u00e9s a moziban \u2013 Napok sokfel\u00e9 \u00e1gaz\u00f3d\u00e1sa \u00e9s jelk\u00e9pes t\u00f6rv\u00e9nyekbe igazod\u00e1sa: a fest\u0151 legszem\u00e9lyesebb m\u00edtosza \u2013 Vir\u00e1gg\u00e1 n\u0151 egy Betta-eml\u00e9k, mikor m\u0171be \u00fclteti \u00e1t \u2013 S\u00f6t\u00e9t tengeri vihar a Bagdadi tolvajban \u2013 A vil\u00e1g legnagyobb \u00e9rz\u00e9sei sz\u00ednes csend\u00e9leten \u2013 Vivian gy\u00fcm\u00f6lcsei \u00e9s vir\u00e1gai fel\u00e9rnek egy spanyol sz\u00edndarabbal \u2013 Sz\u0171z M\u00e1ria vil\u00e1ga, Seherez\u00e1de vil\u00e1ga; evang\u00e9lium palesztin v\u00e1lyogszaga \u00e9s arab luxus-\u00e9jszak\u00e1k k\u00f6lnivizes papag\u00e1jai, lesz ebb\u0151l kompoz\u00edci\u00f3? \u2013 A k\u00f6nyvt\u00e1rb\u00f3l Betta francia Mardrus-k\u00f6teteket csemp\u00e9sz ki \u2013 V\u00e1rakoz\u00e1s k\u00f6zben karikat\u00farafigur\u00e1k: egy cvikkeres bankigazgat\u00f3, egy rongyos kalauz \u00e9s egy bandzsa irodalomt\u00f6rt\u00e9n\u00e9sz \u2013 Viviannal k\u00f6z\u00f6s nevez\u0151j\u00fck: a mor\u00e1l \u2013 Betta Mardrus-k\u00f6tetei \u2013 Betta eleganci\u00e1ja: \u0151r\u00fcltre festett sz\u00e1ja \u00e9s a k\u00f6nyvt\u00e1r poros katal\u00f3gusdobozai \u2013 A fest\u0151 otthon elmer\u00fcl az Ezeregy\u00e9j rosszhamis\u00edtv\u00e1nyszer\u0171 k\u00e9peiben, k\u00f6zben Mario telefonjai: sz\u00e1raz vagyonlista \u00e9s h\u00e1zass\u00e1g \u00e9rv\u00e9nytelen\u00edt\u00e9se k\u00e1nonjog seg\u00edts\u00e9g\u00e9vel \u2013 E fantasztikus k\u00fcl\u00f6nf\u00e9les\u00e9gek k\u00f6z\u00f6s nevez\u0151re hozhat\u00f3k: a t\u00f6meg, az er\u0151 \u00e9s a t\u00e9r? \u2013 Tan\u00e1cskoz\u00e1s Mario-\u00fcgyben a Hal\u00e1sz \u00e9s a Szellem f\u00f6l\u00f6tt \u2013 Operett-sz\u00ednh\u00e1zi g\u00f6rl\u00f6k mint az Ezeregy\u00e9jszaka illusztr\u00e1ci\u00f3i \u2013 S\u00f6sszli \u2013 Sz\u00ednh\u00e1z ut\u00e1ni kocsma; kocsma ut\u00e1ni diderg\u00e9s: c\u00fag \u00e9s \u00e9rosz; taxi; a L\u00e1nch\u00edd szel\u00edden zizeg\u0151 karos l\u00e1mp\u00e1i \u2013 Betta a t\u00fck\u00f6rben visszatekint a napra \u2013 Spanyolos elm\u00e9lked\u00e9sek M\u00e1ria nev\u00e9r\u0151l \u2013 Hogyan lett a fest\u0151 \u201espanyol\u201d gyermekkor\u00e1b\u00f3l \u201eangolos\u201d feln\u0151ttkor? \u2013 \u201eBeteges\u201d Greco \u00e9s m\u00e1rt\u00edr Betta \u2013 Tov\u00e1bb M\u00e1ria neve: \u201espanyol\u201d kamasz-sz\u00f6v\u0151dm\u00e9nyek megvil\u00e1g\u00edt\u00e1s\u00e1ban \u2013 Eb\u00e9d \u00e9s zsolt\u00e1rolvas\u00e1s: amikor h\u00e1rom vil\u00e1g tal\u00e1lkozik \u2013 Zs\u00fafolts\u00e1g: k\u00e9pzelt alakokb\u00f3l, mint a palackba z\u00e1rt \u00f3ri\u00e1s \u2013 Szerelmi j\u00e1t\u00e9kok: mitol\u00f3gia \u00e9s kiirthatatlan val\u00f3s\u00e1g kevered\u00e9se \u2013 Ism\u00e9t \u00e1br\u00e1ndok az Ezeregy\u00e9jb\u0151l \u201eRose-en-Calice\u201d; fest\u0151 ijedelme: t\u00fal k\u00f6zel a Betta-figur\u00e1hoz? Alkot\u00e1si ritmusa: babon\u00e1s munkak\u00e9nyszer, v\u00e9gletes term\u00e9szettudom\u00e1nyos megfigyel\u0151 furor, gy\u00f3n\u00e1s<\/p>\n\n\n\n<p>III. *3<\/p>\n\n\n\n<p>Menek\u00fcl\u00e9s a t\u00fal k\u00f6zel ker\u00fclt Betta-arck\u00e9pt\u0151l Bianc\u00e1hoz \u2013 Bianca k\u00e9zreval\u00f3bb tanulm\u00e1nyfej, mert fut\u00f3 ismerets\u00e9g \u2013 Els\u0151 benyom\u00e1sok egy ki\u00e1ll\u00edt\u00e1son \u2013 Bianca a blaz\u00edrt, durc\u00e1s iskol\u00e1s l\u00e1ny \u2013 Egy Vivian-portr\u00e9, k\u00e9t csend\u00e9let \u2013 Bianca hanglejt\u00e9se, ajk\u00e1nak cik\u00e1z\u00f3 vonagl\u00e1sa, apr\u00f3 szemeinek baba-t\u00e1g\u00edt\u00e1sa, orr\u00e1nak sasszer\u0171 vonala, haj\u00e1nak Izolda-p\u00e1tosza \u00e9s hollywoodi strand-pomp\u00e1ja \u2013 Bianca a kocsm\u00e1ban gyermekes spleennel Rilk\u00e9r\u0151l besz\u00e9l \u2013 Commedia dell\u2019arte: Bianca \u00e1tv\u00e1ltoz\u00e1sa, hiszt\u00e9rika! Mikor hazudott? \u2013 Fiatal l\u00e1nyok esti \u201ekimarad\u00e1si ideje\u201d \u2013 Bianca \u00e9s Betta k\u00fcl\u00f6nbs\u00e9ge; egy f\u00e9lt\u00e9kenys\u00e9g ind\u00edt\u00e9kai \u2013 A fest\u0151 v\u00e1zlatai Bianc\u00e1r\u00f3l; a rajzok sorsa \u2013 M\u00e1sodik tal\u00e1lkoz\u00e1suk ki\u00e1ll\u00edt\u00e1son \u2013 K\u00e9t fest\u0151 komment\u00e1lja egym\u00e1s k\u00e9peit; st\u00edlusuk k\u00fcl\u00f6nb\u00f6z\u0151s\u00e9ge \u2013 Bianca ism\u00e9t mor\u00f3zus \u00e9s t\u00e1voli. Viszonya a m\u0171t\u00f6rt\u00e9n\u00e9sszel \u2013 Egy Vivian-arck\u00e9p \u2013 A fest\u0151 Bianc\u00e1n v\u00e9gzi a pr\u00f3bal\u00e9lektant \u2013 A le\u00e1ny egy bor\u00fas d\u00e9lut\u00e1n sz\u00fcrkes\u00e9g\u00e9ben \u2012 Proust \u00e9s Bianca \u201eklikkje\u201d \u2013 Egy balszerencs\u00e9s vas\u00e1rnap d\u00e9lel\u0151tt \u2012 Gigi szerelme: \u00f6nz\u00e9s; cs\u00fanya lev\u00e9lrabl\u00f3 gesztusa \u2013 Az \u00e9let legnagyobb f\u00e1jdalmai; egy\u00fctt\u00e9rz\u00e9sek \u00e9s vigasztal\u00e1sok<\/p>\n\n\n\n<p>IV. *4<\/p>\n\n\n\n<p>A fest\u0151 siralmas k\u00e9tbalkezess\u00e9ge, mikor t\u00edz\u00f3rait k\u00e9sz\u00edt \u2013 K\u00e9t vad s\u00fcld\u0151l\u00e1ny; mi\u00e9rt nem lehet \u0151szinte az ember? \u2013 \u201eEls\u0151seg\u00e9ly\u201d-alapon keresni a der\u0171t fiatal l\u00e1nyok t\u00e1rsas\u00e1g\u00e1ban \u2013 K\u00e9t m\u00e1sik l\u00e1ny: pomp\u00e1s fiatal vad\u00e1szkuty\u00e1k \u2013 A \u201emintha\u201d: szomor\u00fas\u00e1g \u00e9s sz\u00e1m\u00edt\u00f3 pr\u00f3za \u2013 K\u00fcl\u00f6nbs\u00e9gek: a fest\u0151b\u0151l r\u00e9g kipusztult \u00e9let\u00e1br\u00e1ndok felkelt\u00e9se \u2013 Egy \u00e1sv\u00e1nytank\u00f6nyv tanuls\u00e1gai \u2013 Az arany v\u00e9gletei: \u0151smese \u00e9s modern bank\u00e9let; moha \u00e9s arany; f\u00fcstfinom lemez \u00e9s nagy fajs\u00faly-teher \u2013 A higany. A fest\u0151 mint \u00e1tmeneti foncsork\u00e9pz\u0151, a n\u0151 mint higany \u2013 A term\u00e9sez\u00fcst: moh\u00e1t, hajat, dr\u00f3tot ut\u00e1noz; sz\u00e1raz szakk\u00f6nyvek pik\u00e1ns hasonlatai \u2013 A platina mint \u201eembertelen\u201d \u00e9rt\u00e9k sohasem fogja helyettes\u00edteni az aranyat \u2013 A r\u00e9z: k\u00f6z\u00f6ns\u00e9ges \u00e9s m\u00e9rges! \u2013 A vas: lelk\u00fcnk m\u00e9lye \u00e9s t\u00e1voli meteorok szerkezete \u2013 A term\u00e9szet minden v\u00e1ltozatot kihaszn\u00e1l; mi a szab\u00e1ly \u00e9s mi a kiv\u00e9tel? \u2013 Paracelsus-eml\u00e9kek: \u00f6sszef\u00fcgg\u00e9sbe hozni egy bolyg\u00f3t, egy \u00e1sv\u00e1nyt \u00e9s egy lelki \u00e1rnyalatot \u2013 A tud\u00f3s \u00e9s a m\u0171v\u00e9sz l\u00e1t\u00e1sm\u00f3dja: t\u00e1voli dolgok k\u00f6zt azonoss\u00e1got l\u00e1tni, egyetlen egy\u00f6ntet\u0171nek l\u00e1tsz\u00f3 dologban ezer k\u00fcl\u00f6nf\u00e9les\u00e9get felfedezni \u2013 A gy\u00e9m\u00e1nt: sz\u00e9n; ezeregy\u00e9ji kincsek \u00e9s \u0151sp\u00e1lm\u00e1k marad\u00e9ka egyetlen vegytani csal\u00e1dban \u2013 Egy kalap alatt: dr\u00e1gak\u00f6vek; ugyan\u00edgy: egy n\u0151vel k\u00fcl\u00f6nb\u00f6z\u0151 tal\u00e1lk\u00e1k \u2013 A rubin az alum\u00ednium rokona; rubin \u00e9s smirglipap\u00edr ikertestv\u00e9rek! \u2013 Egym\u00e1st\u00f3l k\u00fcl\u00f6nb\u00f6z\u0151 dr\u00e1gak\u00f6vek \u00e9s k\u00fcl\u00f6nb\u00f6z\u0151 Bianca-tal\u00e1lkoz\u00e1sok vegyi t\u00e1vols\u00e1ga; krist\u00e1lyos \u00e9s gyant\u00e1s \u00e1llapotok \u2013 M\u00e9rtani krist\u00e1ly, m\u00e1skor k\u00e1s\u00e1s massza: op\u00e1l \u2013 Betegs\u00e9gek is az anyag k\u00fcl\u00f6nb\u00f6z\u0151 \u00e1llapotainak pontos folytat\u00e1sai \u2012 Smaragd a szilik\u00e1tok k\u00f6z\u00f6tt; egy der\u0171sen szikr\u00e1z\u00f3 gy\u0171r\u0171 a f\u00f6ld sz\u00ednes \u0151skor\u00e1ban \u2013 Grafit: puhas\u00e1g, \u00e9rz\u00e9kenys\u00e9g \u00e9s aszketikus cs\u00f6k\u00f6ny\u00f6ss\u00e9g \u2013 A krist\u00e1lyban: g\u00f6rcs, a term\u00e9szet hiszt\u00e9ri\u00e1s \u00f6sszer\u00e1ndul\u00e1sa, k\u00e9nyszerk\u00e9pzet \u2013 \u201eBianca \u00e9s a k\u00e9n \u00e9letrajza\u201d: a k\u00e9sz\u00fcl\u0151 m\u0171 c\u00edme? \u2013 Nincs k\u00fcl\u00f6n l\u00e9lek \u00e9s test, hit \u00e9s hitetlens\u00e9g, egy harmadik van: a term\u00e9szet egys\u00e9ge<\/p>\n\n\n\n<p>V. *5<\/p>\n\n\n\n<p>Bazs\u00f3 b\u00e1csi kocsmakertj\u00e9ben; Bazs\u00f3 b\u00e1csi l\u00e1nya: p\u00f6ffeteg debella; ennek f\u00e9rje: vigyorg\u00f3 der\u0171s h\u00fclye, cirkuszi kiki\u00e1lt\u00f3 \u2013 A cirkusz mint az \u00e9let teljes szimb\u00f3luma \u2013 A l\u00e1ny fiv\u00e9re: a szomor\u00fa h\u00fclye \u2013 Ebben a kocsmakertben: egy\u00fctt egy tan\u00edtv\u00e1ny\u00e1val, valamint Bianc\u00e1val \u00e9s egy b\u0151rkeresked\u0151vel \u2013 Sz\u00ednj\u00e1tsz\u00e1s \u2013 Bianca egyetlen figur\u00e1ja a j\u00e1t\u00e9kban a csal\u00e1s, t\u00falhangszerel\u00e9s, szertelen moh\u00f3s\u00e1g \u2013 A fest\u0151 m\u0171term\u00e9ben: a rendetlens\u00e9g tov\u00e1bbi j\u00e1tsz\u00e1sra ingerli \u0151ket \u2013 A fest\u0151 szerepei meg\u00edrva a kis \u00e1sv\u00e1nytanban; a barna vas\u00e9rc: mimikri; a szerepj\u00e1tsz\u00e1s l\u00e9lektana \u2013 Bianca j\u00e1t\u00e9ka most a csal\u00e1s helyett: betegs\u00e9g \u2013 A fest\u0151 szerepe: orvos; \u00e9let\u00e9ben: saj\u00e1t betegs\u00e9g\u00e9nek kritikus le\u00edr\u00e1sa \u2013 A \u201ebeteg\u201d Bianc\u00e1val: \u00e9rzelg\u0151ss\u00e9g, k\u00f6nnyez\u0151 idillkeres\u00e9s \u0151szinte tr\u00fckkjei \u2013 Apja egy \u201ek\u00f6sz\u00f6nete\u201d Bett\u00e1nak: apj\u00e1nak hatv\u00e1nyozott gy\u00e1va degener\u00e1lts\u00e1g\u00e1t a fest\u0151 mag\u00e1hoz hasonl\u00edtja \u2013 Szodomai \u00e1rk\u00e1dia a harmadik felvon\u00e1sban \u2013 A negyedik felvon\u00e1sban Bianca-hal\u00e1l: vir\u00e1gz\u00e1s \u00e9s degener\u00e1ci\u00f3 \u2013 Szakad\u00e9knyi k\u00fcl\u00f6nbs\u00e9g a Bianca-b\u00e1bsz\u00ednh\u00e1z \u00e9s Betta val\u00f3s\u00e1gos szenved\u00e9sei k\u00f6z\u00f6tt \u2013 Bianca egyhang\u00fa j\u00e1t\u00e9kst\u00edlusa, a v\u00e9g\u00e9n siker\u00fcl kidobni a l\u00e1nyt<\/p>\n\n\n\n<p>VI. *6<\/p>\n\n\n\n<p>A fest\u0151 \u00ednyenc irigys\u00e9ggel tanulm\u00e1nyozza Ghiberti \u00f6narck\u00e9p\u00e9t \u2013 Megjelenik Olga: \u00e1lmos, lass\u00fa, k\u00f6v\u00e9r, szomor\u00fa, n\u00e9ma, v\u00e9gtelen\u00fcl j\u00f3 \u00e9s gyermekes \u2013 A fest\u0151 h\u0171s\u00e9ge Olga lajh\u00e1rj\u00f3s\u00e1g\u00e1hoz \u2013 Mici hadar\u00f3 tir\u00e1d\u00e1ja Olga ellen, Mici hangszerel\u00e9se \u2013 \u00c1lomk\u00f3ros Olg\u00e1val \u00e9jjel a csendes, meleg \u0151szi teraszon \u2013 K\u00f6zben a fest\u0151 eml\u00e9ke egy Gell\u00e9rthegyi Olga-idillr\u0151l a szoba hom\u00e1ly\u00e1ban; a cs\u00f6ndsziget folytat\u00e1sa a teraszon \u2013 Gigi s\u00edr\u00f3g\u00f6rcse a m\u0171terem m\u00e9ly\u00e9n, majd holdk\u00f3ros hiszt\u00e9ri\u00e1ja: gyilkolni k\u00e9sz\u00fcl! \u2013 V\u00e9res k\u00f6zelharc Vivian matracaival \u2013 A fest\u0151 mag\u00e1nos elm\u00e9lked\u00e9se a teraszon: az \u0151 m\u0171ve ez a piszkos boh\u00f3zat? \u2013 \u00c1tkoz\u00f3d\u00f3 gy\u00f3n\u00e1sa; az \u00f6rd\u00f6g v\u00e1lasza<\/p>\n\n\n\n<p>VII. *7<\/p>\n\n\n\n<p>Websterhez menek\u00fclve: The Duchess of Malfi \u2013 A f\u00e9lt\u00e9kenys\u00e9g kezdete \u00e9s Betta \u2013 A f\u00e9lt\u00e9kenys\u00e9g v\u00e9gleges hal\u00e1la \u2013 R\u00e9gi szavak: elvesztik hivatalos k\u00f6rvonalaikat, ink\u00e1bb \u00e9lettani g\u00f3cok; \u201eIdi\u00f3t\u00e1k Eden-parkja\u201d \u2013 Webster a m\u0171velt, Webster a grand guignol szakiparosa \u2013Aktualit\u00e1s: a latin nyelv divatja \u2013 Minta a fest\u0151nek egy\u00e9ni \u201ebetegt\u00f6rt\u00e9net\u00e9\u201d-hez \u2013 Kezdet: kamaszos h\u00e9v \u2013 Kezdetleges l\u00e9lektan, de k\u00f6lt\u0151i bonyolults\u00e1g \u00e9s a szentenci\u00e1z\u00e1s kedvtel\u00e9se \u2013 Bosola \u00e9s a kardin\u00e1lis fell\u00e9p\u00e9se: b\u00e1bsz\u00ednh\u00e1z a jav\u00e1b\u00f3l \u2013 Egy b\u00f6lcs\u00e9sz naiv jegyzetei vagy egy pokolj\u00e1rt k\u00f6lt\u0151 d\u00e9moni vallom\u00e1sai? \u2013 Katolikus \u201ememento mori\u201d \u00e9s ateizmus; Webster er\u0151s naturalista \u00f6szt\u00f6ne \u2013 Webster sz\u00e1m\u00e1ra a sz\u00ednh\u00e1z nem j\u00e1t\u00e9k, de hal\u00e1los morfin \u2013 A k\u00f6lt\u0151i r\u00e9szek kivezetnek a zsibv\u00e1s\u00e1rvil\u00e1gb\u00f3l: leheletszer\u0171 v\u00e1ratlan mim\u00f3za-szigetek \u2013 Nyomor\u00e9k hadirokkantak \u201eholmi geometri\u00e1ja\u201d \u2013 A hercegi villa k\u00f6nnyed eleganci\u00e1ja \u00e9s az eg\u00e9sz emberis\u00e9g m\u00e9rhetetlen szenved\u00e9se \u2013 Melank\u00f3lia-fogalom Webster idej\u00e9ben \u2013 Mikor Ferdin\u00e1nd herceg meg\u0151r\u00fcl: farkas-embers\u00e9g \u00e9s \u00e1tok-mor\u00e1l \u2012 Arcvon\u00e1stan: jellemb\u00fav\u00e1rkod\u00e1s, kuruzsl\u00e1s, gyilkosan cs\u00f6k\u00f6ny\u00f6s babon\u00e1k \u2013 A 17. sz\u00e1zad nagy orvosa: Sir Thomas Browne \u2013 K\u00e9t teol\u00f3giai k\u00f3cb\u00e1b\u00fa: 1) a szent \u00e9s egresszem\u0171 olvas\u00f3ja, 2) az ateista: a szabadgondolkoz\u00e1s otromba karikat\u00far\u00e1ja; kac\u00e9r \u00e9s \u00f6nsz\u00e9d\u00edt\u0151 viszonylagoss\u00e1g\u00e9rz\u00e9s \u2013 Webster \u00e9s a hercegn\u0151: a hal\u00e1ltud\u00f3k fekete heroizmusa \u2013 A Duchess-szerep megtestes\u00edt\u0151je: Betta \u2012 P\u00e1rhuzamok \u2013 Arisztokratikum \u00e9s \u00f6ntudatos d\u00e9m\u00f3nia \u2013 V\u00e9gzetes egy\u00e9nis\u00e9gek fekete sziv\u00e1rv\u00e1nya \u2013 D\u00fch\u00f6ng\u0151 szenved\u00e9lyek \u2013 Kozmikus csend\u00e9let \u00e9s\u2026 sz\u00edvhal\u00e1l \u2013 Vad \u00e9rz\u00e9sek rejtv\u00e9nyekben \u00e9s \u00e1lmokban kifejezve \u2013 Sz\u00f3ism\u00e9tl\u00e9sek v\u00e1llvereget\u0151 idillje, \u0151r\u00fcltek dadog\u00e1sa \u2013 \u201eSzapor\u00edtani\u201d a szerelmet, 17. sz\u00e1zadi sz\u00f3szerintis\u00e9g \u2013 Antonio reszket; Betta kiszemelt f\u00e9rfija is reszket; ennek komikuma \u2013 A hercegn\u0151 k\u00f6lt\u0151i-fat\u00e1lis szomor\u00fa \u00e9rz\u00e9kis\u00e9ge, Betta forr\u00f3 k\u00f6nnyei az \u00f6lelkez\u00e9s ut\u00e1n \u2013 Im\u00e1dkoz\u00f3 szobor a kript\u00e1ban. Antonio sz\u00edve ne gy\u00e1vas\u00e1g legyen! \u2013 A hercegn\u0151 \u00e9l, mint a test \u00e9s a v\u00e9r; Betta \u00e9l\u0151 tulip\u00e1njai \u2013 A f\u00e9lig pirul\u00f3 hercegn\u0151: \u00f6zvegy, j\u00e1ratos a szerelem dolgaiban; a Betta-figura kulcsa! \u2013 Webster kamaszos durvas\u00e1ga: \u201eszajh\u00e1k, ringy\u00f3k\u201d; neki realist\u00e1nak lenni: szadista-te\u00e1tr\u00e1lis \u00f6r\u00f6m \u2013 Ringy\u00f3figur\u00e1k: k\u00fclv\u00e1rosi garasos d\u00e9monok \u00e9s metafizikai istenn\u0151k \u2013 \u201eM\u00e1zolt bot\u201d, egy kozmikus dadaizmus nyomor\u00e9k, \u00e1larcos szerepl\u0151i vagyunk \u2013 Kocsmai nyerses\u00e9g: tragikus pusztul\u00e1s jelz\u00e9se; a test tragikom\u00e9di\u00e1ja, tele k\u00f6z\u00e9pkori b\u0171ntudattal \u2013 Ezek ut\u00e1n: hatty\u00fa-\u00edvel\u00e9s\u0171 k\u00f6lt\u00e9szet! \u2013 Bujk\u00e1l\u00e1sok, \u00e1larcok, titkos f\u00fcgg\u00f6ny\u00f6k; \u00e9let\u00fcnk f\u0151 izgalma: titok \u00e9s leskel\u0151d\u00e9s; a fest\u0151 Betta f\u00fcgg\u00f6nye m\u00f6g\u00f6tt \u2013 A Betta-figura koszt\u00fcmjei \u00e9s kulissz\u00e1i \u2013 A hercegn\u0151 mosolyogva \u00edr v\u00e9grendeletet \u2013 Betta mosoly\u00e1ban: h\u00e1tborzongat\u00f3 boszork\u00e1nyoss\u00e1g; nagyrav\u00e1gy\u00e1s: a nagy ember meg\u0151r\u00fcl\u00e9se \u2013 Az \u00e9rzelem mint del\u00edriumv\u00e1ltozat; a hercegn\u0151 lelk\u00e9t tudatosan t\u00f6nkretenni \u2013 A \u201erokonszenves\u201d h\u0151st is megf\u00fcrdetni a bolond term\u00e9szeti paradoxonok \u00f6rd\u00f6gi el\u0151h\u00edv\u00f3j\u00e1ban \u2013 K\u00e9t v\u00e9gs\u0151 \u00e1bra<\/p>\n","protected":false},"excerpt":{"rendered":"<p>Szentkuthy Mikl\u00f3s: Bianca Lanza di Casalanza Jelenkor, 1994. Tartalommutat\u00f3 I. *1 Az indul\u00f3 m\u0171 \u00e9s az \u00e9let utols\u00f3 szerepl\u0151i \u2013 \u201eK\u00e9t m\u00fazsa: a c\u00e9ltalans\u00e1g \u00e9s a zs\u00e1kutca\u201d \u2013 Bianca is egy figura, aki a t\u00e1voz\u00f3 \u00e9let utols\u00f3 integet\u00e9s\u00e9t hozza \u2013 Hal\u00e1l \u00e9s sz\u00fclet\u00e9s k\u00f3borl\u00f3 m\u00fazs\u00e1ja \u2013 A v\u00f6r\u00f6s ruha: csupa \u00e1rny\u00e9k, pipacsm\u00e9ly m\u00e1kony \u2013 Az [&hellip;]<\/p>\n","protected":false},"author":4,"featured_media":0,"parent":547,"menu_order":1,"comment_status":"closed","ping_status":"closed","template":"","meta":{"footnotes":""},"categories":[3],"class_list":["post-551","page","type-page","status-publish","hentry","category-regenyek"],"_links":{"self":[{"href":"https:\/\/www.szentkuthymiklos.hu\/web\/wp-json\/wp\/v2\/pages\/551","targetHints":{"allow":["GET"]}}],"collection":[{"href":"https:\/\/www.szentkuthymiklos.hu\/web\/wp-json\/wp\/v2\/pages"}],"about":[{"href":"https:\/\/www.szentkuthymiklos.hu\/web\/wp-json\/wp\/v2\/types\/page"}],"author":[{"embeddable":true,"href":"https:\/\/www.szentkuthymiklos.hu\/web\/wp-json\/wp\/v2\/users\/4"}],"replies":[{"embeddable":true,"href":"https:\/\/www.szentkuthymiklos.hu\/web\/wp-json\/wp\/v2\/comments?post=551"}],"version-history":[{"count":1,"href":"https:\/\/www.szentkuthymiklos.hu\/web\/wp-json\/wp\/v2\/pages\/551\/revisions"}],"predecessor-version":[{"id":552,"href":"https:\/\/www.szentkuthymiklos.hu\/web\/wp-json\/wp\/v2\/pages\/551\/revisions\/552"}],"up":[{"embeddable":true,"href":"https:\/\/www.szentkuthymiklos.hu\/web\/wp-json\/wp\/v2\/pages\/547"}],"wp:attachment":[{"href":"https:\/\/www.szentkuthymiklos.hu\/web\/wp-json\/wp\/v2\/media?parent=551"}],"wp:term":[{"taxonomy":"category","embeddable":true,"href":"https:\/\/www.szentkuthymiklos.hu\/web\/wp-json\/wp\/v2\/categories?post=551"}],"curies":[{"name":"wp","href":"https:\/\/api.w.org\/{rel}","templated":true}]}}