{"id":530,"date":"2024-11-19T18:02:22","date_gmt":"2024-11-19T18:02:22","guid":{"rendered":"https:\/\/www.szentkuthymiklos.hu\/web\/?page_id=530"},"modified":"2024-11-19T18:02:23","modified_gmt":"2024-11-19T18:02:23","slug":"reszlet","status":"publish","type":"page","link":"https:\/\/www.szentkuthymiklos.hu\/web\/esszek-tanulmanyok-muforditasok-levelezes\/varazskert\/reszlet\/","title":{"rendered":"R\u00e9szlet"},"content":{"rendered":"\n<p class=\"has-text-align-center\">Szentkuthy Mikl\u00f3s: Var\u00e1zskert \u2013 Tanulm\u00e1nyok, essz\u00e9k, el\u0151ad\u00e1sok<\/p>\n\n\n\n<p class=\"has-text-align-center\"><em>Pet\u0151fi Irodalmi M\u00fazeum, 2012<\/em><\/p>\n\n\n\n<p class=\"has-text-align-center\"><strong>R\u00e9szlet<\/strong><\/p>\n\n\n\n<p>Gondolatok a k\u00e9pt\u00e1rban<\/p>\n\n\n\n<p>(Veter\u00e1n mag\u00e1ntanul\u00f3 elm\u00e9lked\u00e9sei \u00e9s t\u00f6rt\u00e9nelmi capricci\u00f3i az Eur\u00f3pai Iskola utols\u00f3 padj\u00e1ban)<\/p>\n\n\n\n<p>\u2026<\/p>\n\n\n\n<p>Ami meg a ,,horror-gorg\u00f3\u201d Picasso-donn\u00e1kat illeti ezekkel itt vagy k\u00e9s\u0151bb legk\u00f6nnyebben be- \u00e9s fel- \u00e9s lesz\u00e1molhatunk \u2013 mit \u00e9lvez\u00fcnk benn\u00fck \u00e9s mi\u00e9rt? (mert j\u00f3n\u00e9h\u00e1nyan s j\u00f3magam: \u00e9lvezz\u00fck!). Picasso \u00e9s usz\u00e1ly\u00e1ban megsz\u00e1ml\u00e1lhatatlan ,,picassien\u201d mi\u00e9rt im\u00e1dj\u00e1k a gyerekrajzokat, t\u00e1voli \u00e9vezredek idoljait, Afrika \u00e9s \u00d3ce\u00e1nia \u00e1llarcait, \u0151r\u00fcltek neuro-hieroglif\u00e1it, a hivatalos t\u00e9boly \u00e1komb\u00e1komait? Nyilv\u00e1n mert meg\u0151rizt\u00e9k gyerekkorukb\u00f3l a kedves kis \u00f6szt\u00f6nt: \u00f6nijeszt\u0151 grimaszokat v\u00e1gni t\u00fck\u00f6r el\u0151tt, mert szeretik (szeretj\u00fck) a kirak\u00f3sj\u00e1t\u00e9kokat \u00e9s az emberi szem, f\u00fcl, orr, l\u00e1bujj \u2013 egy ilyen sz\u00ednes kocka, melyeket sz\u00edves boh\u00f3c-kedvvel dob\u00e1ltunk \u00f6sszevissza, sakkfigur\u00e1kb\u00f3l is auto da f\u00e9ket r\u00f6gt\u00f6n\u00f6zt\u00fcnk a parti v\u00e9g\u00e9n. Azt\u00e1n van az emberben <em>,,eg\u00e9szs\u00e9ges gy\u00f6ny\u00f6rk\u00f6d\u00e9s a horrorokban\u201d, <\/em>ahogy Chesterton mondja, \u00e9s van, van a leg\u00e9pesz\u0171bb, legracion\u00e1lisabb emberben is (Freud b\u00e1b\u00e1skod\u00e1s\u00e1ra nem is kell tiszteletd\u00edjat pazarolnunk itt) ,,Drang\u201d, t\u00f6rekv\u00e9s az \u00e9sz elveszt\u00e9s\u00e9re, m\u00e1morra, k\u00e1bulatra, \u00e1mokfut\u00e1sra, s\u00e1m\u00e1n- \u00e9s t\u00e1nc &#8211; \u00e9s szex- \u0151rj\u00f6ng\u00e9sre (sz\u00e9p kereszt\u00e9ny karnev\u00e1lok sem maradnak ki a k\u00e9pb\u0151l; meg commedia dell\u2019art\u00e9k maszkjai). K\u00e9ts\u00e9gbees\u00e9seink is gyakran k\u00e9prombol\u00f3k, n\u00e9ha-n\u00e9ha s\u00edrva r\u00f6h\u00f6g\u00fcnk a L\u00e9t egyetemes h\u00fclyes\u00e9g\u00e9n.<\/p>\n\n\n\n<p>\u2026<\/p>\n\n\n\n<p>Sacrofontane azt csin\u00e1lta, mint anonim b\u00e1rki m\u00e1s: fogja Seuphor <em>Absztrakt fest\u00e9szet<\/em> album\u00e1t \u00f6tsz\u00e1r ragyog\u00f3an reproduk\u00e1lt k\u00e9pei k\u00f6z\u00fcl, Picass\u00f3t\u00f3l Riopelleig, Kandiskyt\u0151l Mathieuig, konstruktivist\u00e1kt\u00f3l tubus- \u00e9s paletta- fetisiszt\u00e1kig (a nevek szinte m\u00e1r archeol\u00f3gia- illatot \u00e1rasztanak). Majd sorba h\u00e1zalt m\u00fazeumokban, hercegi \u00e9s nagyhandl\u00e9 palot\u00e1kban: cipelte zs\u00e1km\u00e1ny\u00e1t a Via Appi\u00e1ra, Sua Santit\u00e1 szeme kedvtel\u00e9s\u00e9re.<\/p>\n\n\n\n<p>II. Linus p\u00e1pa k\u00eds\u00e9ret\u00e9vel v\u00e9gig n\u00e9zte mindet (majdhogynem N\u00e1polyig s\u00e9t\u00e1l), \u00e9s \u00edgy csevegett ,,beatific\u201d szent-etikett mosollyal ajkain Nicola da Sacrofont\u00e1n\u00e9val:<\/p>\n\n\n\n<p><em>,, A legmodernebb \u00e9p\u00edt\u00e9szetet mindenekf\u00f6l\u00f6tt szeretem. A vil\u00e1gon legmag\u00e1t\u00f3l leg\u00e9rthet\u0151bb faktum: ehhez az \u00e9p\u00edt\u00e9szethez, mely val\u00f3ban eredeti, mint a g\u00f3tika vagy barokk, nem lehet term\u00e9szetut\u00e1nz\u00f3 szobrokat, sem k\u00e9peket ,,mell\u00e9kelni\u201d. Nem is fogunk!<\/em><\/p>\n\n\n\n<p><em>Az \u00fagynevezett absztrakt k\u00e9pek sz\u00e1momra els\u0151- utols\u00f3sorban v\u00e9gtelen \u00e9rz\u00e9ki \u00e9lvezetet ny\u00fajtanak, gy\u00f6ny\u00f6rk\u00f6d\u00f6m, evang\u00e9liumi szenzualizmussal sz\u00ednek, form\u00e1k, k\u00fcl\u00f6nb\u00f6z\u0151 mat\u00e9ri\u00e1k szentiv\u00e1n\u00e9ji t\u00fcnd\u00e9rj\u00e1t\u00e9k\u00e1ban, tobz\u00f3d\u00e1s\u00e1ban. Dekorat\u00edv! dekorat\u00edv! dekorat\u00edv! J\u00f3 dolog ez, m\u00e1sfel\u00e9 egy pillanatig se ig\u00e9nyeskedjenek! \u00c9s a b\u00e1jos j\u00e1t\u00e9koss\u00e1g mellett van gyakran apokaliptikus \u00edze a dolognak, ami sz\u00e1momra dogmatice is kiel\u00e9g\u00edt\u0151, hiszen, sok szent zsinatunk statu\u00e1lta az \u00d6rd\u00f6g hatalm\u00e1t f\u00f6ld\u00fcnk vil\u00e1g\u00e1ban.<\/em><\/p>\n\n\n\n<p><em>Egy\u00e9bk\u00e9nt \u2013 \u00e9s ez cs\u00f6kkentett \u00e9rtelemmel is l\u00e1that\u00f3 \u2013 ember, \u00e9let, term\u00e9szet, Isten, hal\u00e1l, t\u00f6rt\u00e9nelem l\u00e9nyeg\u00e9r\u0151l ezek a k\u00e9pek (d\u00e9cor! d\u00e9cor!) m\u00e9g v\u00e9letlen\u00fcl sem sz\u00f3lnak. Ha (irataikban) valami ,,sz\u00f3lnak\u201d \u00e9des otthonukr\u00f3l a muland\u00f3s\u00e1g csendes sz\u00e1jai, pap\u00edrkosaraim gondoskodnak, ,,megv\u00e1lt\u00e1saik\u201d \u00e9s ,,te\u00f3ri\u00e1ik\u201d requiescant in pace. Sz\u00e1z sz\u00e1zal\u00e9kban elfogadom a ,,dehumaniz\u00e1ci\u00f3n del\u2019 arte\u201d t\u00e9ny\u00e9t, de elfogadom a m\u00e1sik t\u00e9nyt is: az ember \u00e9l tov\u00e1bb, \u00e9rez, szenved, gondolkozik, term\u00e9szet \u00e9s t\u00f6rt\u00e9nelem er\u0151i egyre fojttatogat\u00f3bbak \u00e9s problematikusabbak \u2013 err\u0151l az absztrakt m\u0171v\u00e9szet (ornames!) nem besz\u00e9l! \u00c9pp ez\u00e9rt a jeruzs\u00e1lemi jubil\u00e1lis templomba egyetlen k\u00e9pet sem fogok elhelyezni szorgosan \u00f6sszegy\u0171jt\u00f6tt k\u00e9peidb\u0151l, kedves Nicola da Sacrofontane. A zar\u00e1ndokh\u00e1zakhoz illenek a nem-figur\u00e1s jokul\u00e1tor-tr\u00fckk\u00f6k, de a templomban: az ember v\u00e9gs\u0151 sors\u00e1r\u00f3l kell sz\u00f3lnia mindennek. Ennek, az \u00faj m\u0171v\u00e9szetben nem l\u00e1tom kifejez\u0151d\u00e9s\u00e9t. Szinte kedvem volna olt\u00e1rt \u00e1ll\u00edtani (\u00e1 la ,,Deo ignoto\u201d) az Ismeretlen M\u0171v\u00e9sznek.<\/em><\/p>\n\n\n\n<p><em>Tudom, hogy ultra-hippyk \u00e9s szuper-beatek \u201em\u0171veit\u201d csak tr\u00e9f\u00e1b\u00f3l hoztad el nekem, \u00e9pp ez\u00e9rt ezeket a Via Appi\u00e1n a sz\u0151l\u0151skertekben, a Scipio csal\u00e1d f\u00f6ldalatti temet\u0151j\u00e9ben dugdostad: szurokkal \u00f6sszevissza kent maszatt\u00e1bl\u00e1k, rak\u00e1s aut\u00f3roncs rontottot rozsdatemet\u0151je, vasal\u00f3deszk\u00e1ra ok\u00e1dott m\u00e1zol\u00f3v\u00f6d\u00f6r \u00e9s rongyos spanyolfalra ragasztott t\u00f6r\u00f6tt levesest\u00e1ny\u00e9rok (mind hatvan-nyolcvanezer doll\u00e1r\u00e9rt kaphat\u00f3, mint hallom, szalonok szajh\u00e1i h\u00f6r\u00f6gve \u00e9s v\u00e9resen harcolnak \u00e9rt\u00fck, tudom\u00e1nyegyetemi \u00e1rver\u00e9seken).<\/em><\/p>\n\n\n\n<p><em>Csal\u00f3kra, h\u00fcly\u00e9kre, megsz\u00e1llottakra, mocskos kalm\u00e1rokra, tolvajnyelven gajdol\u00f3, sznob-etet\u0151 \u00e1leszt\u00e9t\u00e1kra \u00e9s a filoz\u00f3fia szem\u00e9rmetlen dummer-augusztjaira nem, nem \u00e9s nem pazarolunk interdiktumot, anath\u00e9m\u00e1t \u00e9s exkommunik\u00e1ci\u00f3t \u2013 az ilyesmit komoly antikrisztusoknak tartja fenn Szent P\u00e9ter sz\u00e9ke. Ehelyett, gy\u0171jtem\u00e9nyed e v\u00e9gdarabjait Luna-parkoknak, Pr\u00e1tereknek, wurstliknak, j\u00e1tsz\u00f3tereknek, kisbarlangvas\u00fataknak aj\u00e1nd\u00e9kozzuk; \u2013 hiszen a legtragikusabb k\u00f6z\u00e9pkozi Passi\u00f3 \u00e9s miszt\u00e9riumj\u00e1t\u00e9kok felvon\u00e1sai k\u00f6z\u00f6tt burleszken \u00e9s farce-okon kacagott a n\u00e9p, kacagjon most is.&nbsp;<\/em><\/p>\n\n\n\n<p><em>\u00c9s most, kedves Camerlengo Nicola: procedamus in pace, t\u00e9rj\u00fcnk b\u00e9k\u00e9ben utunkra.\u201d<\/em>&nbsp;<\/p>\n\n\n\n<p>(1984)<\/p>\n","protected":false},"excerpt":{"rendered":"<p>Szentkuthy Mikl\u00f3s: Var\u00e1zskert \u2013 Tanulm\u00e1nyok, essz\u00e9k, el\u0151ad\u00e1sok Pet\u0151fi Irodalmi M\u00fazeum, 2012 R\u00e9szlet Gondolatok a k\u00e9pt\u00e1rban (Veter\u00e1n mag\u00e1ntanul\u00f3 elm\u00e9lked\u00e9sei \u00e9s t\u00f6rt\u00e9nelmi capricci\u00f3i az Eur\u00f3pai Iskola utols\u00f3 padj\u00e1ban) \u2026 Ami meg a ,,horror-gorg\u00f3\u201d Picasso-donn\u00e1kat illeti ezekkel itt vagy k\u00e9s\u0151bb legk\u00f6nnyebben be- \u00e9s fel- \u00e9s lesz\u00e1molhatunk \u2013 mit \u00e9lvez\u00fcnk benn\u00fck \u00e9s mi\u00e9rt? (mert j\u00f3n\u00e9h\u00e1nyan s j\u00f3magam: \u00e9lvezz\u00fck!). Picasso [&hellip;]<\/p>\n","protected":false},"author":4,"featured_media":0,"parent":523,"menu_order":3,"comment_status":"closed","ping_status":"closed","template":"","meta":{"footnotes":""},"categories":[6],"class_list":["post-530","page","type-page","status-publish","hentry","category-esszek"],"_links":{"self":[{"href":"https:\/\/www.szentkuthymiklos.hu\/web\/wp-json\/wp\/v2\/pages\/530","targetHints":{"allow":["GET"]}}],"collection":[{"href":"https:\/\/www.szentkuthymiklos.hu\/web\/wp-json\/wp\/v2\/pages"}],"about":[{"href":"https:\/\/www.szentkuthymiklos.hu\/web\/wp-json\/wp\/v2\/types\/page"}],"author":[{"embeddable":true,"href":"https:\/\/www.szentkuthymiklos.hu\/web\/wp-json\/wp\/v2\/users\/4"}],"replies":[{"embeddable":true,"href":"https:\/\/www.szentkuthymiklos.hu\/web\/wp-json\/wp\/v2\/comments?post=530"}],"version-history":[{"count":1,"href":"https:\/\/www.szentkuthymiklos.hu\/web\/wp-json\/wp\/v2\/pages\/530\/revisions"}],"predecessor-version":[{"id":531,"href":"https:\/\/www.szentkuthymiklos.hu\/web\/wp-json\/wp\/v2\/pages\/530\/revisions\/531"}],"up":[{"embeddable":true,"href":"https:\/\/www.szentkuthymiklos.hu\/web\/wp-json\/wp\/v2\/pages\/523"}],"wp:attachment":[{"href":"https:\/\/www.szentkuthymiklos.hu\/web\/wp-json\/wp\/v2\/media?parent=530"}],"wp:term":[{"taxonomy":"category","embeddable":true,"href":"https:\/\/www.szentkuthymiklos.hu\/web\/wp-json\/wp\/v2\/categories?post=530"}],"curies":[{"name":"wp","href":"https:\/\/api.w.org\/{rel}","templated":true}]}}