{"id":521,"date":"2024-11-19T16:13:45","date_gmt":"2024-11-19T16:13:45","guid":{"rendered":"https:\/\/www.szentkuthymiklos.hu\/web\/?page_id=521"},"modified":"2024-11-19T16:13:48","modified_gmt":"2024-11-19T16:13:48","slug":"tartalom","status":"publish","type":"page","link":"https:\/\/www.szentkuthymiklos.hu\/web\/rola-szolo-muvek\/rola-szolo-mu-1\/tartalom\/","title":{"rendered":"Tartalom"},"content":{"rendered":"\n<p class=\"has-text-align-center\">\u00c9g\u0151 Katedra<\/p>\n\n\n\n<p class=\"has-text-align-center\"><em>Visszaeml\u00e9kez\u00e9sek Szentkuthy Mikl\u00f3sra<\/em><\/p>\n\n\n\n<p class=\"has-text-align-center\">Hamvas B\u00e9la Kult\u00farakutat\u00f3 Int\u00e9zet, 2001<\/p>\n\n\n\n<p><\/p>\n\n\n\n<p class=\"has-text-align-left\"><strong>Tartalom<\/strong><\/p>\n\n\n\n<p>Mamusich Tam\u00e1s: Eml\u00e9keim Szentkuthy Mikl\u00f3sr\u00f3l 5<\/p>\n\n\n\n<p>Dr. Nagy L\u00e1szl\u00f3: Eml\u00e9kez\u00e9s Pfisterer tan\u00e1r \u00farra 80<\/p>\n\n\n\n<p>Dr. Tyrnauer J\u00e1nos: Akkor \u00fagy \u00e9reztem, egy\u00fctt l\u00e1tjuk&#8230; 94<\/p>\n\n\n\n<p>Sinkovits Imre: Az \u00f3budai \u00c1rp\u00e1d Gimn\u00e1zium: Szentkuthy Mikl\u00f3s titkos sz\u00edniakad\u00e9mi\u00e1ja 99<\/p>\n\n\n\n<p>R\u00e9tlaki Gy\u0151z\u0151: Ismered Fity\u00f3t? 103<\/p>\n\n\n\n<p>R\u00e9tlaki Gy\u0151z\u0151: Victor bar\u00e1t mestere 116<\/p>\n\n\n\n<p>M\u00e9sz\u00e1ros Mih\u00e1ly: &#8222;Aki gondolkodik, az egyben j\u00e1tszik is&#8230;&#8221; 120<\/p>\n\n\n\n<p>Az \u00c1rp\u00e1d Gimn\u00e1zium \u00f6regdi\u00e1kjai: \u00dczenet Fity\u00f3nak! 123<\/p>\n\n\n\n<p>M\u00e1di Szab\u00f3 G\u00e1bor: Nem f\u00e9lt\u00fcnk nem tudni&#8230; 128<\/p>\n\n\n\n<p>Veszpr\u00e9mi Napl\u00f3, 1988. j\u00fanius: Fity\u00f3 130<\/p>\n\n\n\n<p>A Kossuth Lajos K\u00f6zgazdas\u00e1gi Technikum h\u00e1rom \u00f6regdi\u00e1kj\u00e1nak eml\u00e9kei 132<\/p>\n\n\n\n<p>&#8222;A l\u00e1nyok, a l\u00e1nyok, \u00f6r\u00f6k tan\u00edtv\u00e1nyaim&#8230;&#8221; 135<\/p>\n\n\n\n<p>Menyhay Imre \u00e9s Szentkuthy-Pfisterer Mikl\u00f3s levelez\u00e9s\u00e9b\u0151l 153<\/p>\n\n\n\n<p>Menyhay Imre verses megeml\u00e9kez\u00e9se Szentkuthy Mikl\u00f3s hal\u00e1la ut\u00e1n 158<\/p>\n\n\n\n<p>Szetkuthy-Pfisterer Mikl\u00f3s nyilatkozata tan\u00e1ri eml\u00e9keir\u0151l 160<\/p>\n\n\n\n<p>Szentkuthy Mikl\u00f3s a fiatalok olvasat\u00e1ban 171<\/p>\n\n\n\n<p>Fekete J. J\u00f3zsef: Orpheus m\u00e1r a Styxen haj\u00f3zik 199<\/p>\n\n\n\n<p>Tompa M\u00e1ria: Ut\u00f3sz\u00f3 201<\/p>\n","protected":false},"excerpt":{"rendered":"<p>\u00c9g\u0151 Katedra Visszaeml\u00e9kez\u00e9sek Szentkuthy Mikl\u00f3sra Hamvas B\u00e9la Kult\u00farakutat\u00f3 Int\u00e9zet, 2001 Tartalom Mamusich Tam\u00e1s: Eml\u00e9keim Szentkuthy Mikl\u00f3sr\u00f3l 5 Dr. Nagy L\u00e1szl\u00f3: Eml\u00e9kez\u00e9s Pfisterer tan\u00e1r \u00farra 80 Dr. Tyrnauer J\u00e1nos: Akkor \u00fagy \u00e9reztem, egy\u00fctt l\u00e1tjuk&#8230; 94 Sinkovits Imre: Az \u00f3budai \u00c1rp\u00e1d Gimn\u00e1zium: Szentkuthy Mikl\u00f3s titkos sz\u00edniakad\u00e9mi\u00e1ja 99 R\u00e9tlaki Gy\u0151z\u0151: Ismered Fity\u00f3t? 103 R\u00e9tlaki Gy\u0151z\u0151: Victor bar\u00e1t mestere [&hellip;]<\/p>\n","protected":false},"author":4,"featured_media":0,"parent":507,"menu_order":1,"comment_status":"closed","ping_status":"closed","template":"","meta":{"footnotes":""},"categories":[54],"class_list":["post-521","page","type-page","status-publish","hentry","category-rola-szolo-muvek"],"_links":{"self":[{"href":"https:\/\/www.szentkuthymiklos.hu\/web\/wp-json\/wp\/v2\/pages\/521","targetHints":{"allow":["GET"]}}],"collection":[{"href":"https:\/\/www.szentkuthymiklos.hu\/web\/wp-json\/wp\/v2\/pages"}],"about":[{"href":"https:\/\/www.szentkuthymiklos.hu\/web\/wp-json\/wp\/v2\/types\/page"}],"author":[{"embeddable":true,"href":"https:\/\/www.szentkuthymiklos.hu\/web\/wp-json\/wp\/v2\/users\/4"}],"replies":[{"embeddable":true,"href":"https:\/\/www.szentkuthymiklos.hu\/web\/wp-json\/wp\/v2\/comments?post=521"}],"version-history":[{"count":1,"href":"https:\/\/www.szentkuthymiklos.hu\/web\/wp-json\/wp\/v2\/pages\/521\/revisions"}],"predecessor-version":[{"id":522,"href":"https:\/\/www.szentkuthymiklos.hu\/web\/wp-json\/wp\/v2\/pages\/521\/revisions\/522"}],"up":[{"embeddable":true,"href":"https:\/\/www.szentkuthymiklos.hu\/web\/wp-json\/wp\/v2\/pages\/507"}],"wp:attachment":[{"href":"https:\/\/www.szentkuthymiklos.hu\/web\/wp-json\/wp\/v2\/media?parent=521"}],"wp:term":[{"taxonomy":"category","embeddable":true,"href":"https:\/\/www.szentkuthymiklos.hu\/web\/wp-json\/wp\/v2\/categories?post=521"}],"curies":[{"name":"wp","href":"https:\/\/api.w.org\/{rel}","templated":true}]}}