{"id":514,"date":"2024-11-19T15:55:43","date_gmt":"2024-11-19T15:55:43","guid":{"rendered":"https:\/\/www.szentkuthymiklos.hu\/web\/?page_id=514"},"modified":"2024-11-19T16:14:39","modified_gmt":"2024-11-19T16:14:39","slug":"utoszo","status":"publish","type":"page","link":"https:\/\/www.szentkuthymiklos.hu\/web\/rola-szolo-muvek\/rola-szolo-mu-1\/utoszo\/","title":{"rendered":"Ut\u00f3sz\u00f3"},"content":{"rendered":"\n<p class=\"has-text-align-center\"><strong>\u00c9g\u0151 katedra<\/strong><\/p>\n\n\n\n<p class=\"has-text-align-center\"><strong>Visszaeml\u00e9kez\u00e9sek Szentkuthy Mikl\u00f3sra<\/strong><\/p>\n\n\n\n<p class=\"has-text-align-center\"><strong>Ut\u00f3sz\u00f3<\/strong><\/p>\n\n\n\n<p>M\u00e9g nem ismertem Szentkuthy Mikl\u00f3st, mikor egy ismer\u0151s\u00f6mmel a hetvenes \u00e9vek k\u00f6zep\u00e9n R\u00f3m\u00e1ban j\u00e1rtam. Egy napon f\u00f6ls\u00e9t\u00e1ltunk a Palatinora, \u00e9s barangol\u00e1s k\u00f6zben r\u00e1lelt\u00fcnk Cybele-templom\u00e1ra is. A romok k\u00f6z\u00f6tt sz\u00e9p bab\u00e9r bokor n\u0151tt, \u00e9s ismer\u0151s\u00f6m m\u00e9lyen megindulva lev\u00e1gott egy \u00e1gacsk\u00e1t: &#8211; Tudod, ezt Szenkuthy Mikl\u00f3snak viszem el, mert nem is olyan r\u00e9gen \u00e9ppen err\u0151l a Cybele-templomr\u00f3l mes\u00e9lt nekem, nevezetesen arr\u00f3l, mit jelentett R\u00f3m\u00e1ban, m\u00e9g a Krisztus sz\u00fclet\u00e9se el\u0151tti m\u00e1sodik sz\u00e1zadban a keleti szertart\u00e1sok bevezet\u00e9se. De azt szavakkal nem tudom kifejezni, milyen megjelen\u00edt\u0151\u00e9r\u0151vel! Teljesen meg vagyok zavarodva: mintha ott \u00fcln\u00e9k most is vele szemben \u00e9s hallan\u00e1m a szavait, vagy mintha \u0151 lenne most itt mellettem, vagy egyik se, csak valami \u00e1lom ejtett volna rabj\u00e1ul. Mindenesetre \u00e9l, \u00e9l, \u00e9l ez a hely, cseppet sem \u00e9rzem romnak, \u00e9s mindezt Mikl\u00f3s j\u00f3volt\u00e1b\u00f3l.<\/p>\n\n\n\n<p>Az\u00f3ta eltelt h\u00fasz egyn\u00e9h\u00e1ny \u00e9v \u00e9s \u00e9n nemr\u00e9giben megtal\u00e1ltam Szentkuthy k\u00f6nyvt\u00e1r\u00e1ban egy R\u00f3m\u00e1r\u00f3l sz\u00f3l\u00f3 k\u00f6nyvben, \u00e9ppen a Cybele-templom\u00e1nak lapjai k\u00f6z\u00f6tt a lepr\u00e9selt bab\u00e9r \u00e1gacsk\u00e1t. Az id\u0151nek ez a j\u00e1t\u00e9ka m\u00e9lt\u00f3 Szentkuthy j\u00e1t\u00e9kaihoz. Minden \u00e9rz\u00e9kletes, szenzu\u00e1lis volt szem\u00e9lyis\u00e9g\u00e9ben.<\/p>\n\n\n\n<p>Szentkuthy-Pfisterer Mikl\u00f3s 1932-t\u0151l 1939-ig a Barcsay utcai Mad\u00e1ch Gimn\u00e1ziumban volt \u00f3raad\u00f3 helyettes tan\u00e1r, 1939-t\u0151l 1948-ig az \u00f3budai \u00c1rp\u00e1d Gimn\u00e1ziumban tan\u00edtott, \u00e9s t\u00f6bb h\u00f3napos angliai tart\u00f3zkod\u00e1sa ut\u00e1n, 1949-t\u0151l 1958-ig a M\u00e1rv\u00e1ny utcai Kossuth K\u00f6zgazdas\u00e1gi Technikumban. A frivolit\u00e1sok \u00e9s hitvall\u00e1sok c\u00edm\u0171 \u00f6n\u00e9letrajzi visszaeml\u00e9kez\u00e9s\u00e9ben b\u0151ven vall tan\u00e1ri p\u00e1ly\u00e1j\u00e1r\u00f3l. 1985-ben az Iskolar\u00e1di\u00f3nak nyilatkozott tan\u00e1ri m\u00f3dszereir\u0151l. Igen vel\u0151sen ebben a k\u00e9t sz\u00f3ban fogalmazta meg a j\u00f3 tan\u00e1r portr\u00e9j\u00e1t: J\u00e9zus \u00e9s Freud, teh\u00e1t szereti a gyerekeket \u00e9s ismeri a gyermeklelket. 1987-ben B\u00e1nyi G\u00e1bor k\u00e9sz\u00edtett vele interj\u00fat <em>Szentkuthy Mikl\u00f3s \u00edr\u00f3 \u00e9s kom\u00e9di\u00e1s <\/em>c\u00edmen. Ebben a dr\u00e1m\u00e1hoz, sz\u00edn\u00e9szethez val\u00f3 kapcsolat\u00e1r\u00f3l nyilatkozott, \u00e9s t\u00f6bbek k\u00f6z\u00f6tt kit\u00e9rt tan\u00e1ri m\u0171k\u00f6d\u00e9s\u00e9re is: ,,Be kell vallanom, eg\u00e9sz tan\u00e1ri tev\u00e9kenys\u00e9gemet sz\u00edn\u00e9szked\u00e9sre alapoztam. Szerettek, mert magyar\u00e1zat k\u00f6zben le tudtam k\u00f6tni a gyerekeket. A legv\u00e1sottabb k\u00f6lyk\u00f6ket is el tudtam k\u00e1pr\u00e1ztatni, csendre tudtam inteni, mert ak\u00e1r irodalom, ak\u00e1r t\u00f6rt\u00e9nelem volt a t\u00e9ma, mindent dr\u00e1maian igyekeztem el\u0151adni.\u201d<\/p>\n\n\n\n<p>A h\u00e1bor\u00fa ut\u00e1n egyetemi tan\u00e1rs\u00e1gra is megh\u00edvt\u00e1k, \u00e9s felsz\u00f3l\u00edtott\u00e1k egyben, hogy marxista-leninista ideol\u00f3gi\u00e1t is kell majd oktatnia. Ezt&nbsp; \u0151 a legegyszer\u0171bb indokkal hat\u00e1rozottan visszautas\u00edtott: ilyen ir\u00e1ny\u00fa ideol\u00f3giai ismeretei nem \u00e9rtek m\u00e9g fel od\u00e1ig, hogy a marxizmust-leninizmust oktatni tudn\u00e1. Majd ha jobban megismeri\u2026 (K\u00f6nyvt\u00e1r\u00e1ban viszont Marx, Engels, Lenin, Szt\u00e1lin, Trockij, stb. alaposan sz\u00e9ljegyezetelt \u00e9s al\u00e1h\u00fazott, \u00e1ttanulm\u00e1nyozott m\u0171veire lelt\u00fcnk.) Ezzel egy \u00e9letre lez\u00e1rultak egyetemi tan\u00e1ri lehet\u0151s\u00e9gei. Igaz, egy\u00e1ltal\u00e1n nem is ment ut\u00e1na.<\/p>\n\n\n\n<p>1988 j\u00fanius 2-\u00e1n \u00fcnnepelt\u00fck Szentkuthy Mikl\u00f3s 80. sz\u00fclet\u00e9snapj\u00e1t. Erre az alkalomra azt a meglepet\u00e9st tal\u00e1ltuk ki Dollyval, hogy n\u00e9h\u00e1ny tan\u00edtv\u00e1ny\u00e1t felk\u00e9rem, mondja magnetofon kazett\u00e1ra, hogyan eml\u00e9kezik vissza Pfisterer tan\u00e1r \u00farra. \u00d6ssze is j\u00f6tt n\u00e9h\u00e1ny kazetta, \u00e9s mint csokrot ny\u00fajtottam \u00e1t neki 80. sz\u00fclet\u00e9snapj\u00e1n. Nekem is meglepet\u00e9st okoztak bizonyos vallom\u00e1sok. Amikor az \u00c1rp\u00e1d Gimn\u00e1zium \u00f6regdi\u00e1kjainak \u00f6sszej\u00f6vetel\u00e9n bekapcsoltam a magnetofont, Csuvik Oszk\u00e1r ez\u00fcst\u00e9rmes olimpiai bajnok, \u00fagy nyilatkozott, hogy b\u00e1rmikor, ha csalni akart az \u00e9letbe, ,,Fity\u00f3\u201d jutott esz\u00e9be, az \u0151 ,,fair play\u201d erk\u00f6lcsi intelmei. Ez nekem \u00faj volt, mert Szentkuthy mindig azt mondta, hogy k\u00e9t dologgal \u00e9rt el sikereket tan\u00edtv\u00e1nyai k\u00f6r\u00e9ben: egyr\u00e9szt sz\u00edn\u00e9szi tehets\u00e9g\u00e9vel k\u00f6t\u00f6tte le \u0151ket, m\u00e1sr\u00e9szt t\u00e1rgyi ismeret\u00e9vel szerzett tekint\u00e9lyt! A k\u00e9s\u0151bbiekben m\u00e9g gy\u0171jt\u00f6ttem anyagot a volt tan\u00edtv\u00e1nyok k\u00f6r\u00e9ben, szerencs\u00e9re mind a h\u00e1rom iskol\u00e1b\u00f3l, \u00e9s t\u00f6bbsz\u00f6r hallottam err\u0151l r\u00e9szleteket, k\u00fcl\u00f6nb\u00f6z\u0151 szemsz\u00f6gb\u0151l megvil\u00e1g\u00edtva Pfisterer tan\u00e1r \u00far jellem\u00e9t. Szentkuthy temet\u00e9se ut\u00e1n, 1988 szeptember\u00e9ben t\u0171nt fel az ismeretlens\u00e9gb\u0151l dr. Nagy L\u00e1szl\u00f3 nyugalmazott b\u00edr\u00f3s\u00e1gi tan\u00e1csos, volt tan\u00edtv\u00e1nya a Mad\u00e1ch utcai Barcsay Gimn\u00e1ziumban. Szentkuthy gyors- \u00e9s g\u00e9p\u00edr\u00e1ssal meg\u00f6r\u00f6k\u00edtett besz\u00e9de, melyet 1938 okt\u00f3ber 6-\u00e1n mondott el a di\u00e1ks\u00e1g el\u0151tt, nevel\u00e9si m\u00f3dszer\u00e9nek \u00e9s vil\u00e1gszeml\u00e9let\u00e9nek egyik legjobb p\u00e9ld\u00e1ja.<\/p>\n\n\n\n<p>\u00cdgy gy\u0171lt \u00f6ssze a nagy ,,eml\u00e9kez\u00e9s-csokor\u201d, amelyet ez a k\u00f6tet tartalmaz. A kiv\u00e9tel Mamusich Tam\u00e1s \u00edr\u00e1sa, amelyet felk\u00e9r\u00e9st\u0151l f\u00fcggetlen\u00fcl az \u00edr\u00f3 hal\u00e1la ut\u00e1n, 1989 t\u00e1j\u00e1n \u00e1tadta nekem a v\u00e1zlatdosszi\u00e9t. De hamarosan visszaadtam neki, hogy fejtse ki r\u00e9szletesen. ennek a k\u00f6tetnek a terve adta sz\u00e1m\u00e1ra a v\u00e9gs\u0151 \u00f6szt\u00f6nz\u00e9st, \u00e9s nemr\u00e9giben \u00edrta le r\u00e9szletesen Szentkuthy-Pfisterer Mikl\u00f3ssal kapcsolatos eml\u00e9keit.&nbsp;<\/p>\n\n\n\n<p>A <em>Frivolit\u00e1sok \u00e9s hitvall\u00e1sok<\/em> XVI. fejezet\u00e9ben Szentkuthy feles\u00e9ge, Dolly elmondta egy akkoriban v\u00e9gzett lev\u00e9l rendez\u00e9skor tal\u00e1lt lev\u00e9l \u00edr\u00f3j\u00e1r\u00f3l: ,,Mikl\u00f3s egyik tan\u00edtv\u00e1ny 1944-45 t\u00e1j\u00e1n hossz\u00fa levelet \u00edrt, nem csak a maga, de t\u00f6bb oszt\u00e1lyt\u00e1rsa nev\u00e9ben, melyben leglelkesebb h\u00e1l\u00e1j\u00e1t fejezi ki, mondv\u00e1n, hogy a tan\u00e1r \u00far volt az egyetlen a tan\u00e1rikarban, aki mag\u00e1n\u00e9let\u00fcnk neh\u00e9zs\u00e9gei ir\u00e1nt is \u00e9rdekl\u0151d\u00f6tt, emberi k\u00f6zels\u00e9gbe ker\u00fclt hozz\u00e1nk, vele olyan t\u00e9m\u00e1kr\u00f3l is besz\u00e9lgett\u00fcnk, melyeket m\u00e9g sz\u00fcleinkkel sem igen \u00e9rinthett\u00fcnk.\u201d<\/p>\n\n\n\n<p>A visszaeml\u00e9kez\u00e9s-sorozat olvas\u00e1sakor nem kevesebbet kapunk k\u00e9zhez, mint Szentkuthy-Pfisterer Mikl\u00f3s \u00e9let\u00e9nek, vil\u00e1gk\u00e9p\u00e9nek, jellem\u00e9nek sokoldal\u00fa \u00e9s el\u00e9g b\u0151 \u00e1ttekint\u00e9s\u00e9t. Nevezetesen azt, hogy mind a nyilas diktat\u00fara \u00e9veiben, mind a R\u00e1kosi rendszerben azt a tud\u00e1st, ny\u00edlt emberi magatart\u00e1st pr\u00f3b\u00e1lta di\u00e1kjaiba pl\u00e1nt\u00e1lni, ami a diktat\u00far\u00e1k legnagyobb ellens\u00e9ge. De nem csak irodalmi tev\u00e9kenys\u00e9g\u00e9be sz\u00f3lt bele a diktat\u00fara, hanem tan\u00e1rs\u00e1g\u00e1ban is \u00e9rintette. Itt csak k\u00e9t mot\u00edvumot eml\u00edten\u00e9k.<\/p>\n\n\n\n<p>-,,Dollyka lev\u00e9lrendez\u00e9s k\u00f6zben bukkant r\u00e1 egy engem mint k\u00f6z\u00e9piskolai tan\u00e1rt min\u0151s\u00edt\u0151 jellemz\u00e9sre \u2013 melyet 1944-ben, a nyilas id\u0151kben adott be iskolaigazgat\u00f3m az illet\u00e9kes miniszt\u00e9riumba -, Kunszery Gyula tan\u00e1rt\u00e1rsam \u00e9s bar\u00e1tom kim\u00e1solta nekem 1947-ben. A jellemz\u00e9s \u00edgy sz\u00f3l: ,,Pfisterer kiv\u00e1l\u00f3 k\u00e9pess\u00e9g\u0171, de nagy tud\u00e1s\u00e1t rendszertelen\u00fcl haszn\u00e1lja, fel\u00fcletes, boh\u00e9m, tan\u00edtv\u00e1nyival \u00f3r\u00e1n k\u00edv\u00fcl keveset foglalkozik, a kart\u00e1rsi k\u00f6z\u00f6ss\u00e9gb\u0151l kivonja mag\u00e1t. A rangsorban a tan\u00e1rok k\u00f6z\u00f6tt a 20., Kunszery Gyula a 14.\u201d- mondta el a XVI. fejezetben, amely jellemz\u0151en Biz\u00e1ncr\u00f3l, a k\u00e9pmutat\u00e1sr\u00f3l, az opportunizmusr\u00f3l sz\u00f3l.<\/p>\n\n\n\n<p>A 2000-ben megjelent, <em>Bez\u00e1rult Eur\u00f3pa<\/em> c\u00edm\u0171 reg\u00e9ny\u00e9ben pedig, amelynek k\u00e9zirata 1949 \u00f3ta kiadatlanul b\u00fajt meg m\u00e1s posztumusz m\u0171vei k\u00f6z\u00f6tt, \u00edgy vall: ,,\u2026elvett\u00e9k tan\u00edtv\u00e1nyimat, pedig \u00e9letem legterm\u00e9kenyebb tavasz\u00e1t \u00e1ldoztam f\u00f6l \u00e9rt\u00fck; szerettek, mint tud\u00f3s cinkosukat \u00e9s ezerm\u00f3k\u00e1s pajt\u00e1sukat [\u2026], elvett\u00e9k hallgat\u00f3imat, akiknek \u00e9g\u0151 katedr\u00e1r\u00f3l Alsdorf sz\u00edn\u00e9sz \u0151s\u00f6m minden m\u00e1mor\u00edt\u00f3an boldog kom\u00e9di\u00e1z\u00e1s\u00e1val, vil\u00e1giasan \u00e9s egy sz\u00fcletett vall\u00e1salap\u00edt\u00f3 hit\u00e9vel sz\u00f3rtam tan\u00edt\u00e1saimat.\u201d<\/p>\n\n\n\n<p>Hogy mennyire nem volt fel\u00fcletes, arra utal egy t\u00f6rt\u00e9net, melyet maga Szentkuthy mondott el: a Mad\u00e1ch Gimn\u00e1ziumban egy alkalommal felk\u00e9rt\u00e9k, hogy Liszt Ferencr\u0151l tartson el\u0151ad\u00e1st a di\u00e1koknak. K\u00e9t h\u00e9ten \u00e1t k\u00e9sz\u00fclt, olvasott, zen\u00e9t hallgatott, v\u00e1logatott a bemutatand\u00f3 m\u0171vek k\u00f6z\u00f6tt, b\u00e1r m\u00e1r az elej\u00e9n tudta, hogy \u00f6sszesen 20 percet kell majd besz\u00e9lnie. De hangoztatta, hogy nem sajn\u00e1lja az id\u0151t ezekre a kisebb jelent\u0151s\u00e9g\u0171 el\u0151ad\u00e1sokra, mert saj\u00e1t maga sz\u00e1m\u00e1ra mindezt j\u00f3l fel tudja haszn\u00e1lni.<\/p>\n\n\n\n<p>Az \u00e9n \u00e9lm\u00e9nyeim is el\u00e9g pontosan r\u00edmelnek a ezeknek a visszaeml\u00e9kez\u00e9seknek a hangulat\u00e1ra. 1978 \u00e9s 1988 k\u00f6z\u00f6tt dolgoztunk egy\u00fctt \u00e9s valamikor a \u201980-as \u00e9vek k\u00f6zep\u00e9n elhat\u00e1roztuk, hogy angol \u00f3r\u00e1kat ad nekem. R\u00e9szben az\u00e9rt fogadtam el ezt a nagylelk\u0171 aj\u00e1nlatot, mert nagyon k\u00edv\u00e1ncsi voltam, hogyan tan\u00edtott <em>Fity\u00f3.<\/em> Katherine Mansfield egy novell\u00e1j\u00e1t vett\u00fck el\u0151, \u00e9s k\u00e9t alkalommal elemezt\u00fck a nyelv\u00e9t. Semmi sz\u00edn\u00e9szked\u00e9s akkor nem volt benne, de t\u00fcrelem, odaad\u00e1s, egy \u00f3r\u00e1n kereszt\u00fcl teljes \u00f6sszpontos\u00edt\u00e1s, asszoci\u00e1ci\u00f3s brav\u00farok, \u00e9l\u00e9nks\u00e9g, ugyanakkor a pedag\u00f3gus al\u00e1zata, a folytonos ism\u00e9tl\u00e9sre val\u00f3 term\u00e9szetes k\u00e9szs\u00e9g, mert bel\u00e9m tudta injekci\u00f3zni az intenz\u00edv tanul\u00e1st \u00e9s a szellemi er\u0151nl\u00e9t fenntart\u00e1s\u00e1nak gyakorl\u00e1s\u00e1t. M\u00e9g ma is 20 \u00e9v ut\u00e1n, ha erre az egy\u00fctt-tanul\u00e1sra gondolok, \u0151r\u00fclt, mardos\u00f3 nosztalgia k\u00ednoz angol\u00f3r\u00e1i ut\u00e1n. Nem tudom elfelejteni, sz\u00f3 szerint mindenre eml\u00e9kezem, amit akkor bel\u00e9m pl\u00e1nt\u00e1lt. (A tan\u00edt\u00e1s nem folytat\u00f3dhatott, mert Dolly akkor m\u00e1r h\u00f3napok \u00f3ta tan\u00edtott engem angolra, \u00e9s nem akarta feles\u00e9s\u00e9t megs\u00e9rteni, kit\u00farni abb\u00f3l a szerepb\u0151l, feladatb\u00f3l, amit Dolly annyi szeretettel \u00e9s odaad\u00e1ssal v\u00e9gzett.)<\/p>\n\n\n\n<p>Egy m\u00e1sik eml\u00e9kem 1985-b\u00f3l val\u00f3, amikor a Barcsay utcai Mad\u00e1ch Gimn\u00e1zium 1935-ben v\u00e9gzett n\u00f6vend\u00e9kei megh\u00edvt\u00e1k \u0151t 50. \u00e9retts\u00e9gi tal\u00e1lkoz\u00f3jukra a Gell\u00e9rt s\u00f6r\u00f6z\u0151be. Dolly akkor k\u00f3rh\u00e1zban volt, nem tudott vel\u00fcnk j\u00f6nni, \u00e9n k\u00eds\u00e9rtem el. Mikor meg\u00e9rkezt\u00fcnk, el\u00e9g sok embert pillantottam meg, m\u00e1r mindenki egy\u00fctt volt, egy hossz\u00fa asztal k\u00f6r\u00fcl \u00fcltek a 68 \u00e9ves f\u00e9rfiak, t\u00f6bben feles\u00e9geikkel egy\u00fctt. Mikor bel\u00e9pt\u00fcnk, \u00e9s \u00e9szrevett\u00e9k Fity\u00f3 k\u00f6zel k\u00e9tm\u00e9teres alakj\u00e1t, mindenki egyszerre fel\u00e1llt, a meghatotts\u00e1gt\u00f3l eln\u00e9multak, csak n\u00e9ztek r\u00e1, \u00e9n magam is zavarba j\u00f6ttem a megindults\u00e1gt\u00f3l, mert a meglett \u00f6regurak t\u00f6r\u00f6lgett\u00e9k k\u00f6nnyeiket. A n\u00e9mas\u00e1got Mikl\u00f3s oldotta fel term\u00e9szetes modor\u00e1val, humoros szavakkal. Andr\u00e9 Deutsch (Londonban neves k\u00f6nyvkiad\u00f3 tulajdonosa) mes\u00e9lte el ott, hogy 1934-35 t\u00e1j\u00e1n, teh\u00e1t a <em>Prae<\/em> megjelen\u00e9se, valamint a sok ledorongol\u00f3, elmarasztal\u00f3 kritika ut\u00e1n egy alkalommal a magyar\u00e1zat k\u00f6zben \u00e9szrevette Fity\u00f3, hogy Deutsch nem figyel oda, hanem egy pap\u00edr f\u00f6l\u00e9 hajolva firk\u00e1l. Fity\u00f3 r\u00e1sz\u00f3l: &#8211; Mit csin\u00e1lsz, Deutsch, reg\u00e9nyt \u00edrsz? \u2013 mire Deutsch szemtelen pof\u00e1val v\u00e1laszolt, a szavakat lassan hangs\u00falyozva: &#8211; \u00e9n? \u00e9n nem \u00edrok reg\u00e9nyt, tan\u00e1r \u00far k\u00e9rem! \u2013 Fity\u00f3 szemvillan\u00e1s\u00e1b\u00f3l l\u00e1tta, hogy meg\u00e9rti, Deutsch \u00far m\u00e9g ma is eml\u00e9kszik a pofonra, ami akkor csattant.&nbsp;<\/p>\n\n\n\n<p>M\u00e9g egy harmadik, der\u0171s eml\u00e9k eszembe jutott: 1988 \u00e1prilis\u00e1ban, a Kossuth-d\u00edj \u00e1tad\u00e1sa ut\u00e1n este fogad\u00e1st rendeztek a Parlament kupolaterm\u00e9ben. Besz\u00e9lgett\u00fcnk ismer\u0151s\u00f6kkel, M\u00e1ndy Iv\u00e1nnal, Garas Dezs\u0151ve, Sz\u00e1nt\u00f3 Pirosk\u00e1val, akik vele egy\u00fctt kaptak Kossuth-d\u00edjat. Mikl\u00f3s halkan odasz\u00f3lt nekem, hogy kicsit k\u00f6rbemegy s\u00e9t\u00e1lni.&nbsp; N\u00e9h\u00e1ny perc m\u00falva ijedt k\u00e9ppel j\u00f6n vissza, \u00e9s k\u00f6zli velem, hogy most biztosan viszik \u0151t a dutyiba. \u2013 Mi\u00e9rt? \u2013 faggatom. \u2013 Odaj\u00f6n hozz\u00e1m egy kis pasas, \u00e9s nagy tisztelettel gratul\u00e1l nekem, mondv\u00e1n, hogy \u0151 a tan\u00edtv\u00e1nyom volt. Lehajoltam hozz\u00e1, megveregettem a h\u00e1t\u00e1t \u00e9s noszogattam: \u201eNa, akkor mondd meg, fiam, mi a neved!\u201d \u2013 Mire \u0151 nagy szer\u00e9nyen: \u201eV\u00e1rkonyi P\u00e9ter k\u00fcl\u00fcgyminiszter vagyok.\u201d<\/p>\n\n\n\n<p>Sok olyan tan\u00edtv\u00e1nnyal tal\u00e1lkoztunk m\u00e9g \u00e9let\u00e9ben, \u00e9s besz\u00e9ltem Szentkuthy hal\u00e1la ut\u00e1n, akik nem szerepelnek ebben a k\u00f6tetben, de meghatottan \u00e9s meleg szeretettel id\u00e9zt\u00e9k fel vele, r\u00f3la, a r\u00e9gi egy\u00fctt t\u00f6lt\u00f6tt \u00f3r\u00e1kat. N\u00e9h\u00e1nyuknak \u00edr\u00e1sos&nbsp; nyilatkozat\u00e1t is tal\u00e1ltam, melyek k\u00f6z\u00fcl kett\u0151 szorosan ide tartozik:<\/p>\n\n\n\n<p>Paml\u00e9nyi Ervin a Magyar Nemzet 1981 j\u00falius 12-i sz\u00e1m\u00e1ban nagy cikket \u00edrt \u201eIskola a Nagyk\u00f6r\u00faton\u201d c\u00edmmel. \u0150 a Mad\u00e1ch Gimn\u00e1zium volt di\u00e1kja \u00edgy \u00edr r\u00e9gi tan\u00e1r\u00e1r\u00f3l: \u201e\u2026 a p\u00e1rhuzamos oszt\u00e1lyban angolt a legend\u00e1s Pfisterer Mikl\u00f3s, azaz Szentkuthy Mikl\u00f3s tan\u00edtott; akkoriban jelent meg a Prae, amelyet persze mi m\u00e9g nem nagyon \u00e9rtett\u00fcnk, de n\u00e9ha \u00f6sszevont \u00f3r\u00e1kon mi is \u00e1mulva hallgattuk Irodalmi,&nbsp; m\u0171v\u00e9szeti el\u0151ad\u00e1sait, csod\u00e1ltuk szellem\u00e9nek vid\u00e1m t\u00fczij\u00e1t\u00e9k\u00e1t.\u201d&nbsp;<\/p>\n\n\n\n<p>Egy m\u00e1sik vallom\u00e1s dr Peschka Vilmost\u00f3l sz\u00e1rmazik (az \u00f3budai \u00c1rp\u00e1d gimn\u00e1ziumban \u00e9retts\u00e9gizett 1947-ben), aki jogi p\u00e1ly\u00e1j\u00e1r\u00f3l \u00edrt a Magyar Tudom\u00e1ny 1976 szeptemberi sz\u00e1m\u00e1ban. \u00cdgy kezdi cikk\u00e9t:&nbsp;<\/p>\n\n\n\n<p>\u201eAz \u00e9letemet alapvet\u0151en meghat\u00e1roz\u00f3, \u00e9s sorsom alakul\u00e1s\u00e1ban a legszerencs\u00e9seb esem\u00e9ny minden bizonnyal \u00e9ppen az, hogy olyan tev\u00e9kenys\u00e9gre \u00e9s foglalkoz\u00e1sra leltem, amely sz\u00e1momra \u201ekiz\u00e1r\u00f3lagos bels\u0151 odaad\u00e1st\u201d felt\u00e9telezve, felszabadult \u00f6r\u00f6m\u00f6t \u00e9s \u00e9lvezetet szerez. A teljess\u00e9g ig\u00e9ny\u00e9t a nagy, \u00e1ltal\u00e1nos \u00f6sszef\u00fcgg\u00e9sek ir\u00e1nti \u00e9rdekl\u0151d\u00e9st \u2013 &nbsp; a legkonkr\u00e9tabb \u00e9s a legapr\u00f3bb mozdulatoknak az eg\u00e9sszel val\u00f3 kapcsolat\u00e1t keresni \u2013 gimn\u00e1ziumi tanulm\u00e1nyaim sor\u00e1n a <em>Prae<\/em> c\u00edm\u0171 h\u00edres reg\u00e9ny szerz\u0151je, Szentkuthy (Pfisterer) Mikl\u00f3s \u00e9bresztette fel bennem. A rendhagy\u00f3 tan\u00e1r kiv\u00e9teles pedag\u00f3gi\u00e1ja ford\u00edtott a szellem, a filoz\u00f3fia, az irodalom , a m\u0171v\u00e9szet \u00e9s a tudom\u00e1ny vil\u00e1ga fel\u00e9.\u201d \u2013 El is k\u00fcldte a cikket a k\u00f6vetkez\u0151 dedik\u00e1ci\u00f3val: \u201eSzentkuthy Mikl\u00f3snak tan\u00edtv\u00e1nyi tisztelettel \u00e9s h\u00e1l\u00e1val: Peschka Vilmos.\u201d&nbsp;<\/p>\n\n\n\n<p>Szentkuthy tan\u00e1ri m\u0171k\u00f6d\u00e9s\u00e9ben, sikereiben , tan\u00edtv\u00e1nyokra gyakorolt hat\u00e1s\u00e1ban nincs semmi tal\u00e1nyos. A legk\u00e9zenfekv\u0151bb v\u00e1laszt adja erre a <em>M\u0171velts\u00e9g \u00e9s irodalom <\/em>c\u00edm\u0171 tanulm\u00e1nya, aminek ugyan nem a pedag\u00f3gia a t\u00e1rgya, de k\u00f6zvetlen\u00fcl a m\u0171velts\u00e9g mibenl\u00e9t\u00e9t hat\u00e1rozza meg csontkem\u00e9nyen. Meggy\u0151z\u0151d\u00e9se volt, hogy \u201eA m\u0171velts\u00e9g [\u2026] az emberis\u00e9g t\u00f6bbi, k\u00f6z\u00f6ns\u00e9ges, elemi \u00e9s \u00e9lettani javaihoz tartozik. Enn\u00e9l fogva nem holmi spiritu\u00e1lis \u00e1h\u00edtattal, hanem [\u2026] az anyja eml\u0151j\u00e9hez tolakod\u00f3 k\u00f6ly\u00f6k\u00e1llat moh\u00f3s\u00e1g\u00e1val kell hozz\u00e1 k\u00f6zeledni\u2026 [\u2026] , A m\u0171velts\u00e9g az\u00e9rt is elengedhetetlen, mert aki a t\u00f6rt\u00e9nelemb\u0151l \u00e9s term\u00e9szetb\u0151l a lehet\u0151 legt\u00f6bbet l\u00e1tja, az t\u00f6bb meg\u00e9rt\u00e9sre, megbocs\u00e1t\u00e1sra, vagyis t\u00f6bb j\u00f3s\u00e1gra k\u00e9sz\u00fcl el\u0151, mint aki csak sz\u0171k, vakond-perspetk\u00edv\u00e1ban \u00e9l elszigetelve.\u201d Tan\u00edtv\u00e1nyainak nem intellektu\u00e1lis magaslatokb\u00f3l adagolta a tud\u00e1st, hanem megmutatta, hogy a m\u0171velts\u00e9g elemi sz\u00fcks\u00e9glet, az \u00e9let n\u00e9lk\u00fcl\u00f6zhetetlen tartoz\u00e9ka.&nbsp;<\/p>\n","protected":false},"excerpt":{"rendered":"<p>\u00c9g\u0151 katedra Visszaeml\u00e9kez\u00e9sek Szentkuthy Mikl\u00f3sra Ut\u00f3sz\u00f3 M\u00e9g nem ismertem Szentkuthy Mikl\u00f3st, mikor egy ismer\u0151s\u00f6mmel a hetvenes \u00e9vek k\u00f6zep\u00e9n R\u00f3m\u00e1ban j\u00e1rtam. Egy napon f\u00f6ls\u00e9t\u00e1ltunk a Palatinora, \u00e9s barangol\u00e1s k\u00f6zben r\u00e1lelt\u00fcnk Cybele-templom\u00e1ra is. A romok k\u00f6z\u00f6tt sz\u00e9p bab\u00e9r bokor n\u0151tt, \u00e9s ismer\u0151s\u00f6m m\u00e9lyen megindulva lev\u00e1gott egy \u00e1gacsk\u00e1t: &#8211; Tudod, ezt Szenkuthy Mikl\u00f3snak viszem el, mert nem is [&hellip;]<\/p>\n","protected":false},"author":4,"featured_media":0,"parent":507,"menu_order":3,"comment_status":"closed","ping_status":"closed","template":"","meta":{"footnotes":""},"categories":[54],"class_list":["post-514","page","type-page","status-publish","hentry","category-rola-szolo-muvek"],"_links":{"self":[{"href":"https:\/\/www.szentkuthymiklos.hu\/web\/wp-json\/wp\/v2\/pages\/514","targetHints":{"allow":["GET"]}}],"collection":[{"href":"https:\/\/www.szentkuthymiklos.hu\/web\/wp-json\/wp\/v2\/pages"}],"about":[{"href":"https:\/\/www.szentkuthymiklos.hu\/web\/wp-json\/wp\/v2\/types\/page"}],"author":[{"embeddable":true,"href":"https:\/\/www.szentkuthymiklos.hu\/web\/wp-json\/wp\/v2\/users\/4"}],"replies":[{"embeddable":true,"href":"https:\/\/www.szentkuthymiklos.hu\/web\/wp-json\/wp\/v2\/comments?post=514"}],"version-history":[{"count":3,"href":"https:\/\/www.szentkuthymiklos.hu\/web\/wp-json\/wp\/v2\/pages\/514\/revisions"}],"predecessor-version":[{"id":517,"href":"https:\/\/www.szentkuthymiklos.hu\/web\/wp-json\/wp\/v2\/pages\/514\/revisions\/517"}],"up":[{"embeddable":true,"href":"https:\/\/www.szentkuthymiklos.hu\/web\/wp-json\/wp\/v2\/pages\/507"}],"wp:attachment":[{"href":"https:\/\/www.szentkuthymiklos.hu\/web\/wp-json\/wp\/v2\/media?parent=514"}],"wp:term":[{"taxonomy":"category","embeddable":true,"href":"https:\/\/www.szentkuthymiklos.hu\/web\/wp-json\/wp\/v2\/categories?post=514"}],"curies":[{"name":"wp","href":"https:\/\/api.w.org\/{rel}","templated":true}]}}