{"id":159,"date":"2020-10-05T16:35:11","date_gmt":"2020-10-05T16:35:11","guid":{"rendered":"https:\/\/www.szentkuthymiklos.hu\/web\/?page_id=159"},"modified":"2024-11-19T18:18:15","modified_gmt":"2024-11-19T18:18:15","slug":"fekete-j-jozsef-csillagok-koze-feszitve-az-orok-kozelseg-ezer-emlek-cimu-kotetrol","status":"publish","type":"page","link":"https:\/\/www.szentkuthymiklos.hu\/web\/esszek-tanulmanyok-muforditasok-levelezes\/orok-kozelseg-ezer-emlek\/fekete-j-jozsef-csillagok-koze-feszitve-az-orok-kozelseg-ezer-emlek-cimu-kotetrol\/","title":{"rendered":"Fekete J. J\u00f3zsef: Csillagok k\u00f6z\u00e9 fesz\u00edtve (az \u00d6r\u00f6k k\u00f6zels\u00e9g, ezer eml\u00e9k c\u00edm\u0171 k\u00f6tetr\u0151l)"},"content":{"rendered":"\n<p><strong>Fekete J. J\u00f3zsef: Csillagok k\u00f6z\u00e9 fesz\u00edtve<\/strong><\/p>\n\n\n\n<p>\u00d6r\u00f6k k\u00f6zels\u00e9g, ezer eml\u00e9k. Szentkuthy Mikl\u00f3s v\u00e1logatott dedik\u00e1ci\u00f3i.<\/p>\n\n\n\n<p>Szentkuthy Mikl\u00f3s k\u00e1pr\u00e1zatos, terjedelm\u00e9ben impoz\u00e1ns \u00e9letm\u0171ve az elbesz\u00e9l\u0151 \u00e9s \u00e9rtekez\u0151 pr\u00f3za t\u00e9rs\u00e9ge mellett egy\u00e9b, margin\u00e1lis, nem sz\u00e9pirodalmi ter\u00fcleteket is megh\u00f3d\u00edtani l\u00e1tszik az \u00fajabb kiadv\u00e1nyok t\u00fckr\u00e9ben. A Hamvas Int\u00e9zet gondoz\u00e1s\u00e1ban megjelent kiadv\u00e1nyok k\u00f6z\u00fcl els\u0151k\u00e9nt az \u00c9g\u0151 katedra (2001) jelent meg, amiben a Szentkuthy Mikl\u00f3sra visszaeml\u00e9kez\u0151k azt a folyamatot mutatt\u00e1k fel, amely sor\u00e1n az \u00edr\u00f3 mag\u00e1nm\u00edtosza megk\u00e9pz\u0151d\u00f6tt. A k\u00f6tetben egykori tan\u00edtv\u00e1nyai, bar\u00e1tai, tisztel\u0151i vallottak ny\u00edlt \u0151szintes\u00e9ggel Fity\u00f3 tan\u00e1r \u00farr\u00f3l. A k\u00f6tetbe foglalt visszaeml\u00e9kez\u00e9sek azok sz\u00e1m\u00e1ra izgalmasak igaz\u00e1n, akik m\u00e1r olvastak valamit Szentkuthyt\u00f3l, de az \u00e9letrajzi esem\u00e9nyekbe nem nyertek betekint\u00e9st, az \u00edr\u00f3i habitust csup\u00e1n a m\u0171vek alapj\u00e1n igyekeztek elk\u00e9pzelni. Sz\u00e1mos meglep\u0151 von\u00e1st \u00e9s \u00e9rdekes epiz\u00f3dot eleven\u00edtettek fel a megeml\u00e9kez\u0151k. A k\u00f6tetbe foglalt interj\u00fak, vallom\u00e1sok, levelek, visszaeml\u00e9kez\u00e9sek azt a sz\u00ednes, ugyanakkor m\u00e9lt\u00f3s\u00e1gteljes karaktert jelen\u00edtik meg, aki a katedr\u00e1r\u00f3l \u201ek\u0151sz\u00e1li sas\u201d-k\u00e9nt magasodott a megszeppent tanul\u00f3i f\u00f6l\u00e9, \u00e1m nem zavarta, ha azok a polg\u00e1ri nev\u00e9b\u0151l (Pfisterer) kre\u00e1lt Fity\u00f3 n\u00e9ven emlegett\u00e9k. A visszaeml\u00e9kez\u00e9s-k\u00f6tetb\u0151l egy, az \u00e9letet teljes intenzit\u00e1s\u00e1ban meg\u00e9l\u0151, az \u00e9lvezeteket habzsol\u00f3, intellektus\u00e1val magasra kiemelked\u0151, ugyanakkor k\u00f6zvetlen, a bar\u00e1ts\u00e1got nagyra \u00e9rt\u00e9kel\u0151, szeretetre \u00e9hez\u0151 \u00e9s szeretetad\u00e1sra berendezkedett, a maga m\u00f3dj\u00e1n m\u00e9gis k\u00fcl\u00f6nc \u00edr\u00f3 \u00e9s tan\u00e1r m\u00edtosza teljesedik ki olym\u00f3d, hogy azonnal a m\u00edtosz m\u00f6g\u00e9 is l\u00e1that az olvas\u00f3.<\/p>\n\n\n\n<p>M\u00e1sodikk\u00e9nt Az \u00e9let faggatottja (2006) c\u00edm alatt a Szentkuthy Mikl\u00f3ssal folytatott besz\u00e9lget\u00e9sek, interj\u00fak jelentek meg, mintegy nyomat\u00e9kos bizony\u00edt\u00e9k\u00e1ul, hogy az els\u0151 reg\u00e9ny\u00e9t (Prae, 1934) ezerk\u00e9tsz\u00e1z k\u00e9ziratoldalon pap\u00edrra vet\u0151, majd hatvan \u00e9ven \u00e1t vagy h\u00e1romsz\u00e1zezer oldal terjedelm\u0171 napl\u00f3t vezet\u0151 \u00edr\u00f3 a sz\u00f3beli el\u0151ad\u00e1s m\u0171faj\u00e1t is kisaj\u00e1t\u00edtotta m\u0171v\u00e9szete sz\u00e1m\u00e1ra. Szentkuthy szeretett \u00e9s tudott besz\u00e9lni. Dramatikus retorik\u00e1j\u00e1t ugyan\u00fagy szerkesztette \u00e9s \u00e9p\u00edtette, mik\u00e9nt \u00edr\u00e1sos m\u0171veit, ugyan\u00fagy cik\u00e1zott mondataiban t\u00f6rt\u00e9nelem, m\u0171v\u00e9szet, tudom\u00e1ny, intim vallom\u00e1s \u00e9s kinyilatkoztat\u00e1s, mikroszkopikus nagy\u00edt\u00e1s \u00e9s kozmikus t\u00falz\u00e1s, mint reg\u00e9nyei fejezeteiben, ugyanolyan ar\u00e1ny\u00e9rz\u00e9kkel ford\u00edtotta sz\u00f3viccbe, \u00f6rd\u00f6gi \u00f6nir\u00f3ni\u00e1ba a d\u00f6bbenetes tartalmakat, mik\u00e9nt szipork\u00e1z\u00f3 pr\u00f3z\u00e1j\u00e1ban tette. Huszonhat \u00e9ven \u00e1t iskol\u00e1ban tan\u00edtott, s term\u00e9szetszer\u0171en mindig \u0151 volt az iskola sz\u00f3noka, amikor udvarolt, or\u00e1ci\u00f3s k\u00e9pess\u00e9geit csillogtatta, mid\u0151n nyilatkozott, \u00e9l\u0151sz\u00f3ban el\u0151adott \u2013 te\u00e1tr\u00e1lis gesztusokkal al\u00e1t\u00e1masztott \u2013 m\u0171alkot\u00e1sokat ny\u00fajtott \u00e1t k\u00e9rdez\u0151j\u00e9nek. Meggy\u0151z\u0151d\u00e9ssel \u00e1ll\u00edthat\u00f3, hogy a pr\u00f3za \u00e9s a napl\u00f3\u00edr\u00e1s mellett a besz\u00e9d, ami n\u00e1la mindig sz\u00ednpadra k\u00edv\u00e1nkoz\u00f3 sz\u00edn\u00e9szi alak\u00edt\u00e1s is egyben \u2013 legyen az ima, sz\u00e9ptev\u00e9s, nyilatkozat, besz\u00e9lget\u00e9s, el\u0151ad\u00e1s \u2013 h\u00e1rom alapm\u0171faj\u00e1nak egyike volt.<\/p>\n\n\n\n<p>A reg\u00e9ny\u00edr\u00e1s, napl\u00f3\u00edr\u00e1s \u00e9s sz\u00f3beli el\u0151ad\u00e1s mell\u00e9 negyedikk\u00e9nt sorolhatjuk a dedik\u00e1ci\u00f3t, ugyanis ezt a s\u00f3tlan, \u00e9s az \u00edr\u00f3k \u00e1ltal t\u00f6bbnyire kev\u00e9sb\u00e9 kedvelt m\u0171fajt Szentkuthy \u201ea k\u00e1pr\u00e1zat k\u00e9zjegyeiv\u00e9\u201d (N\u00e1dor Tam\u00e1s) lombos\u00edtotta \u00e9s sz\u00ednes\u00edtette, mik\u00e9nt arr\u00f3l mintegy k\u00e9tezer v\u00e1logatott dedik\u00e1ci\u00f3ja alapj\u00e1n gy\u0151z\u0151dhet\u00fcnk meg az \u00d6r\u00f6k k\u00f6zels\u00e9g, ezer eml\u00e9k k\u00f6tetben. Ez a gy\u0171jtem\u00e9ny is az \u00edr\u00f3 hagyat\u00e9k\u00e1t gondoz\u00f3, a k\u00f6tetet szerkeszt\u0151 \u00e9s a bevezet\u0151t \u00edr\u00f3 Tompa M\u00e1ri\u00e1nak, illetve a Hamvas Int\u00e9zetnek k\u00f6sz\u00f6nhet\u0151en jelent meg.<\/p>\n\n\n\n<p>Szentkuthy k\u00fcl\u00f6n m\u0171fajj\u00e1 emelte reg\u00e9nyeibe, ford\u00edt\u00e1sk\u00f6teteibe, foly\u00f3iratk\u00f6zl\u00e9sei f\u00f6l\u00e9 jegyzett aj\u00e1nl\u00e1sait, amelyek, mik\u00e9nt a k\u00e1pr\u00e1zat k\u00e9zjegyei tal\u00e1l\u00f3 megnevez\u00e9s utal r\u00e1, egyfel\u0151l a k\u00e9pz\u0151m\u0171v\u00e9szettel is rokons\u00e1gban \u00e1llnak, viszont saj\u00e1tos pr\u00f3zaformak\u00e9nt is \u00e9rtelmezhet\u0151k. Szentkuthy m\u00e1ni\u00e1kus gy\u0171jt\u0151- \u00e9s rendszerez\u0151 szenved\u00e9lye mellett a lejegyz\u00e9st is l\u00e9tm\u00f3dj\u00e1t\u00f3l elszak\u00edthatatlan tev\u00e9kenys\u00e9gnek tartotta, a val\u00f3s\u00e1g csup\u00e1n a lejegyz\u00e9s \u00e1ltal v\u00e1lt teljess\u00e9g\u00e9ben \u00e1t\u00e9lhet\u0151v\u00e9 sz\u00e1m\u00e1ra. Ebben a szeml\u00e9letben fogantak pazar dedik\u00e1ci\u00f3i, amelyekben az adom\u00e1nyoz\u00e1s pillanat\u00e1t k\u00edv\u00e1nta a legnagyobb \u00e1t\u00e9l\u00e9ssel, ebb\u0151l ered\u0151en teatralit\u00e1ssal \u00e9s emelkedett p\u00e1tosszal meg\u00f6r\u00f6k\u00edteni. A szokv\u00e1nyos \u201etisztelettel\u201d, \u201ebar\u00e1ts\u00e1ggal\u201d, \u201eszeretettel\u201d bejegyz\u00e9sek helyett \u0151 mikro-t\u00f6rt\u00e9netekben \u00f6r\u00f6k\u00edtette meg a dedik\u00e1ci\u00f3val megsz\u00f3l\u00edtott karakter\u00e9t, a hozz\u00e1 f\u0171z\u0151d\u0151 viszony\u00e1t, k\u00f6z\u00f6s \u00e9lm\u00e9ny\u00fcket, egysz\u00f3val azt az impresszi\u00f3t, amit a dedik\u00e1ci\u00f3 \u00edr\u00e1sa k\u00f6zben \u00e9ppen a megaj\u00e1nd\u00e9kozand\u00f3 ir\u00e1nt meghat\u00e1roz\u00f3nak tartott. A megbecs\u00fcl\u00e9s, a szeretet \u00e9s a h\u00e1la fels\u0151fokon s\u00fct \u00e1t sorain, sz\u00e9t is fesz\u00edten\u00e9 a p\u00e1tosz, a megaj\u00e1nd\u00e9kozott szem\u00e9ly\u00e9nek vagy kiemelt tulajdons\u00e1gainak ar\u00e1nytalan megemel\u00e9se ezeket a barokkos dedik\u00e1ci\u00f3kat, ha nem hat\u00e1roln\u00e1 \u0151ket csillag a lap tetej\u00e9n \u00e9s alj\u00e1n. A dedik\u00e1ci\u00f3 \u00e1ltal Szentkuthy egy-egy sz\u00ednpadi helyzetr\u0151l k\u00e9sz\u00edt lenyomatot, ami gesztust, eml\u00e9ket, ruh\u00e1t, t\u00f6rt\u00e9netet, szerelmet id\u00e9z fel, olykor filctollakkal sz\u00ednes\u00edtve a sz\u00f6veget, ak\u00e1r egy k\u00f6z\u00e9pkori manierista k\u00f3dex lapjain.<\/p>\n\n\n\n<p>Az egyedi dedik\u00e1ci\u00f3kban a zen\u00e9sz a kottaszer\u0171s\u00e9g\u00fckre, az irodalm\u00e1r a s\u0171r\u00edt\u00e9sre \u00e9s t\u00f6m\u00f6r\u00edt\u00e9sre, a k\u00e9pz\u0151m\u0171v\u00e9sz az ornamentikus megjelen\u00edt\u00e9sre \u00e9rez r\u00e1. A Szentkuthy-dedik\u00e1ci\u00f3kban a tartalmi k\u00f6zl\u00e9ssel azonos hat\u00e1s\u00fa az \u00edr\u00e1sk\u00e9p. A nevek csupa nagybet\u0171kkel \u00edrva, ha kell, ha nem, nagybet\u0171k minden\u00fctt, nyilak, gondolatjelek, sz\u00ednes tollakkal jegyzett szavak, nyelvi lelem\u00e9nyek, a k\u00e9pz\u0151m\u0171v\u00e9szeti ig\u00e9nyen t\u00falmutatva arra a felfokozott, er\u0151sen liriz\u00e1l\u00f3 \u00e9s hatv\u00e1nyozottan te\u00e1tr\u00e1lis lelki\u00e1llapotra utalnak, amely k\u00f6zepette a dedik\u00e1ci\u00f3 megsz\u00fcletett. Ki is futn\u00e1nak ezek az aj\u00e1nl\u00e1sok \u2013 \u00fagy tartalmilag, mint grafikailag \u2013 a k\u00f6nyvlapokr\u00f3l, ha alul \u00e9s fel\u00fcl nem hat\u00e1roln\u00e1k \u0151ket a m\u00e1r eml\u00edtett csillagok, amelyek jelent\u00e9se sokf\u00e9lek\u00e9ppen \u00e9rtelmezhet\u0151, az egyszer\u0171 grafikai megold\u00e1st\u00f3l kezdve, stiliz\u00e1lt rajzsz\u00f6gk\u00e9nt, amivel mintha egy k\u00fcl\u00f6n f\u00f3li\u00f3t illesztene a szerz\u0151 a k\u00f6nyvtest \u00e9l\u00e9re, eg\u00e9szen a misztikus k\u00e9zjegyig. Most \u00fagy t\u0171nik, a mag\u00e1nmitol\u00f3gia eme par\u00e1nyi r\u00e9szlet\u00e9re is f\u00e9ny der\u00fclt. Tompa M\u00e1ria tal\u00e1lt r\u00e1 a Szentek \u00e9lete harmadik k\u00f6tet\u00e9ben egy Szent Domonkosr\u00f3l k\u00e9sz\u00edtett rajzon az alak feje f\u00f6l\u00e9 illesztett csillagra, \u00e9s a k\u00e9p mellet Szentkuthy sz\u00e9ljegyzet\u00e9re: \u201eMint Beato Angelico k\u00e9pein = * = az \u00e9n \u00bbk\u00e9zjegyem!\u00ab\u2026\u201d Vagyis: a Szentkuthy-dedik\u00e1ci\u00f3 csillagok k\u00f6z\u00e9 fesz\u00edtett miniat\u0171rk\u00e9nt is \u00e9rtelmezhet\u0151.<\/p>\n","protected":false},"excerpt":{"rendered":"<p>Fekete J. J\u00f3zsef: Csillagok k\u00f6z\u00e9 fesz\u00edtve \u00d6r\u00f6k k\u00f6zels\u00e9g, ezer eml\u00e9k. Szentkuthy Mikl\u00f3s v\u00e1logatott dedik\u00e1ci\u00f3i. Szentkuthy Mikl\u00f3s k\u00e1pr\u00e1zatos, terjedelm\u00e9ben impoz\u00e1ns \u00e9letm\u0171ve az elbesz\u00e9l\u0151 \u00e9s \u00e9rtekez\u0151 pr\u00f3za t\u00e9rs\u00e9ge mellett egy\u00e9b, margin\u00e1lis, nem sz\u00e9pirodalmi ter\u00fcleteket is megh\u00f3d\u00edtani l\u00e1tszik az \u00fajabb kiadv\u00e1nyok t\u00fckr\u00e9ben. A Hamvas Int\u00e9zet gondoz\u00e1s\u00e1ban megjelent kiadv\u00e1nyok k\u00f6z\u00fcl els\u0151k\u00e9nt az \u00c9g\u0151 katedra (2001) jelent meg, amiben a [&hellip;]<\/p>\n","protected":false},"author":2,"featured_media":0,"parent":153,"menu_order":4,"comment_status":"closed","ping_status":"closed","template":"","meta":{"footnotes":""},"categories":[6],"class_list":["post-159","page","type-page","status-publish","hentry","category-esszek"],"_links":{"self":[{"href":"https:\/\/www.szentkuthymiklos.hu\/web\/wp-json\/wp\/v2\/pages\/159","targetHints":{"allow":["GET"]}}],"collection":[{"href":"https:\/\/www.szentkuthymiklos.hu\/web\/wp-json\/wp\/v2\/pages"}],"about":[{"href":"https:\/\/www.szentkuthymiklos.hu\/web\/wp-json\/wp\/v2\/types\/page"}],"author":[{"embeddable":true,"href":"https:\/\/www.szentkuthymiklos.hu\/web\/wp-json\/wp\/v2\/users\/2"}],"replies":[{"embeddable":true,"href":"https:\/\/www.szentkuthymiklos.hu\/web\/wp-json\/wp\/v2\/comments?post=159"}],"version-history":[{"count":2,"href":"https:\/\/www.szentkuthymiklos.hu\/web\/wp-json\/wp\/v2\/pages\/159\/revisions"}],"predecessor-version":[{"id":171,"href":"https:\/\/www.szentkuthymiklos.hu\/web\/wp-json\/wp\/v2\/pages\/159\/revisions\/171"}],"up":[{"embeddable":true,"href":"https:\/\/www.szentkuthymiklos.hu\/web\/wp-json\/wp\/v2\/pages\/153"}],"wp:attachment":[{"href":"https:\/\/www.szentkuthymiklos.hu\/web\/wp-json\/wp\/v2\/media?parent=159"}],"wp:term":[{"taxonomy":"category","embeddable":true,"href":"https:\/\/www.szentkuthymiklos.hu\/web\/wp-json\/wp\/v2\/categories?post=159"}],"curies":[{"name":"wp","href":"https:\/\/api.w.org\/{rel}","templated":true}]}}